{"id":746,"date":"2022-04-28T15:31:46","date_gmt":"2022-04-28T13:31:46","guid":{"rendered":"https:\/\/pbatitude.com\/?page_id=746"},"modified":"2025-03-05T15:06:03","modified_gmt":"2025-03-05T14:06:03","slug":"pba-pour-adultes","status":"publish","type":"page","link":"https:\/\/pbatitude.com\/index.php\/accueil\/pba-pour-qui\/pba-pour-adultes\/","title":{"rendered":"PBA POUR LES ADULTES"},"content":{"rendered":"\n<p>La plupart des blocages \u00e9motionnels sont issus de l\u2019enfance o\u00f9 ils ont permis \u00e0 la personne de faire face \u00e0 certaines situations, mais ils ne sont plus adapt\u00e9s \u00e0 la vie d\u2019adulte et l\u2019emp\u00eachent souvent de vivre en harmonie avec sa nature profonde. Par ailleurs, la femme, l&rsquo;homme, le couple sont confront\u00e9s dans leur vie d&rsquo;adulte \u00e0 des chocs \u00e9motionnels qui g\u00e9n\u00e8rent souvent de la souffrance, des peurs, des frustrations et les emp\u00eachent de sourire \u00e0 la vie. Quelques s\u00e9ances de PBA suffisent g\u00e9n\u00e9ralement pour retrouver s\u00e9r\u00e9nit\u00e9 et \u00eatre en accord avec soi-m\u00eame.<\/p>\n\n\n\n<h2 class=\"wp-block-heading\">PBA pour se d\u00e9barrasser des blocages \u00e9motionnels<\/h2>\n\n\n\n<div class=\"wp-block-columns is-layout-flex wp-container-core-columns-is-layout-9d6595d7 wp-block-columns-is-layout-flex\">\n<div class=\"wp-block-column is-layout-flow wp-block-column-is-layout-flow\" style=\"flex-basis:33.33%\">\n<p>La PBA est une m\u00e9thode efficace et douce permettant de se d\u00e9barrasser de nos blocages \u00e9motionnels qu\u2019ils soient pr\u00e9sents ou latents. Elle permet ainsi \u00e0 l\u2019adulte de mieux g\u00e9rer les situations, de retrouver notre nature profonde et tout notre potentiel d\u2019\u00e9volution. <a href=\"https:\/\/pbatitude.com\/index.php\/accueil\/pba-pour-qui\/pba-pour-adultes\/pba-debarrasser-blocages-emotionnels\/\">Aller voir&#8230;<\/a><\/p>\n<\/div>\n\n\n\n<div class=\"wp-block-column is-layout-flow wp-block-column-is-layout-flow\" style=\"flex-basis:66.66%\">\n<figure class=\"wp-block-image size-large\"><img loading=\"lazy\" decoding=\"async\" width=\"1024\" height=\"683\" src=\"https:\/\/pbatitude.com\/wp-content\/uploads\/2022\/04\/yonko-kilasi-UD18IK8upcA-unsplash-1024x683.jpg\" alt=\"PBA,  adulte, blocages, \u00e9motionnels\" class=\"wp-image-725\" srcset=\"https:\/\/pbatitude.com\/wp-content\/uploads\/2022\/04\/yonko-kilasi-UD18IK8upcA-unsplash-1024x683.jpg 1024w, https:\/\/pbatitude.com\/wp-content\/uploads\/2022\/04\/yonko-kilasi-UD18IK8upcA-unsplash-300x200.jpg 300w, https:\/\/pbatitude.com\/wp-content\/uploads\/2022\/04\/yonko-kilasi-UD18IK8upcA-unsplash-768x512.jpg 768w, https:\/\/pbatitude.com\/wp-content\/uploads\/2022\/04\/yonko-kilasi-UD18IK8upcA-unsplash-1536x1024.jpg 1536w, https:\/\/pbatitude.com\/wp-content\/uploads\/2022\/04\/yonko-kilasi-UD18IK8upcA-unsplash-2048x1365.jpg 2048w, https:\/\/pbatitude.com\/wp-content\/uploads\/2022\/04\/yonko-kilasi-UD18IK8upcA-unsplash-1600x1067.jpg 1600w, https:\/\/pbatitude.com\/wp-content\/uploads\/2022\/04\/yonko-kilasi-UD18IK8upcA-unsplash-780x520.jpg 780w\" sizes=\"auto, (max-width: 1024px) 100vw, 1024px\" \/><\/figure>\n<\/div>\n<\/div>\n\n\n\n<h2 class=\"wp-block-heading\">PBA et gestion du stress<\/h2>\n\n\n\n<div class=\"wp-block-columns is-layout-flex wp-container-core-columns-is-layout-9d6595d7 wp-block-columns-is-layout-flex\">\n<div class=\"wp-block-column is-layout-flow wp-block-column-is-layout-flow\" style=\"flex-basis:66.66%\">\n<figure class=\"wp-block-image size-large\"><img loading=\"lazy\" decoding=\"async\" width=\"1024\" height=\"669\" src=\"https:\/\/pbatitude.com\/wp-content\/uploads\/2022\/04\/francisco-moreno-wuo8KnyCm4I-unsplash-1024x669.jpg\" alt=\"PBA,  adulte, stress\" class=\"wp-image-729\" srcset=\"https:\/\/pbatitude.com\/wp-content\/uploads\/2022\/04\/francisco-moreno-wuo8KnyCm4I-unsplash-1024x669.jpg 1024w, https:\/\/pbatitude.com\/wp-content\/uploads\/2022\/04\/francisco-moreno-wuo8KnyCm4I-unsplash-300x196.jpg 300w, https:\/\/pbatitude.com\/wp-content\/uploads\/2022\/04\/francisco-moreno-wuo8KnyCm4I-unsplash-768x501.jpg 768w, https:\/\/pbatitude.com\/wp-content\/uploads\/2022\/04\/francisco-moreno-wuo8KnyCm4I-unsplash-1536x1003.jpg 1536w, https:\/\/pbatitude.com\/wp-content\/uploads\/2022\/04\/francisco-moreno-wuo8KnyCm4I-unsplash-2048x1337.jpg 2048w, https:\/\/pbatitude.com\/wp-content\/uploads\/2022\/04\/francisco-moreno-wuo8KnyCm4I-unsplash-1600x1045.jpg 1600w, https:\/\/pbatitude.com\/wp-content\/uploads\/2022\/04\/francisco-moreno-wuo8KnyCm4I-unsplash-780x509.jpg 780w\" sizes=\"auto, (max-width: 1024px) 100vw, 1024px\" \/><\/figure>\n<\/div>\n\n\n\n<div class=\"wp-block-column is-layout-flow wp-block-column-is-layout-flow\" style=\"flex-basis:33.33%\">\n<p>Le stress envahit nos vies de l\u2019enfance \u00e0 l\u2019\u00e2ge adulte. Il se manifeste sous diff\u00e9rentes formes plus ou moins graves. La PBA permet de mieux g\u00e9rer son stress gr\u00e2ce diff\u00e9rents leviers afin d\u2019en faire un alli\u00e9. <a href=\"https:\/\/pbatitude.com\/index.php\/accueil\/pba-pour-qui\/pba-pour-adultes\/pba-gestion-stress\/\">Aller voir&#8230;<\/a><\/p>\n<\/div>\n<\/div>\n\n\n\n<h2 class=\"wp-block-heading\">PBA et rester sur de bonnes \u00e9nergies en vacances, au travail<\/h2>\n\n\n\n<div class=\"wp-block-columns is-layout-flex wp-container-core-columns-is-layout-9d6595d7 wp-block-columns-is-layout-flex\">\n<div class=\"wp-block-column is-layout-flow wp-block-column-is-layout-flow\" style=\"flex-basis:33.33%\">\n<p>On consid\u00e8re que les pens\u00e9es, les \u00e9motions sont des \u00e9nergies. Elles ont un impact sur notre sant\u00e9 psychique et physiologique. Pour garder de \u00ab bonnes \u00bb \u00e9nergies, que ce soit en p\u00e9riode de vacances ou d\u2019activit\u00e9, il va falloir apprendre \u00e0 les ma\u00eetriser. Pour cela, le Docteur Pierre No\u00ebl Delatte, inventeur de la PBA, rappelait \u00e0 ses patients adultes 5 r\u00e8gles d\u2019Or. <a href=\"https:\/\/pbatitude.com\/index.php\/accueil\/pba-pour-qui\/pba-pour-adultes\/rester-bonnes-energies-vacances-travail\/\">Aller voir&#8230;<\/a><\/p>\n<\/div>\n\n\n\n<div class=\"wp-block-column is-layout-flow wp-block-column-is-layout-flow\" style=\"flex-basis:66.66%\">\n<figure class=\"wp-block-image size-large\"><img loading=\"lazy\" decoding=\"async\" width=\"1024\" height=\"683\" src=\"https:\/\/pbatitude.com\/wp-content\/uploads\/2022\/04\/mert-kahveci-pMFz-xf0NH8-unsplash-1024x683.jpg\" alt=\"PBA, adulte, \u00e9nergies\" class=\"wp-image-732\" srcset=\"https:\/\/pbatitude.com\/wp-content\/uploads\/2022\/04\/mert-kahveci-pMFz-xf0NH8-unsplash-1024x683.jpg 1024w, https:\/\/pbatitude.com\/wp-content\/uploads\/2022\/04\/mert-kahveci-pMFz-xf0NH8-unsplash-300x200.jpg 300w, https:\/\/pbatitude.com\/wp-content\/uploads\/2022\/04\/mert-kahveci-pMFz-xf0NH8-unsplash-768x512.jpg 768w, https:\/\/pbatitude.com\/wp-content\/uploads\/2022\/04\/mert-kahveci-pMFz-xf0NH8-unsplash-1536x1024.jpg 1536w, https:\/\/pbatitude.com\/wp-content\/uploads\/2022\/04\/mert-kahveci-pMFz-xf0NH8-unsplash-2048x1365.jpg 2048w, https:\/\/pbatitude.com\/wp-content\/uploads\/2022\/04\/mert-kahveci-pMFz-xf0NH8-unsplash-1600x1067.jpg 1600w, https:\/\/pbatitude.com\/wp-content\/uploads\/2022\/04\/mert-kahveci-pMFz-xf0NH8-unsplash-780x520.jpg 780w\" sizes=\"auto, (max-width: 1024px) 100vw, 1024px\" \/><\/figure>\n<\/div>\n<\/div>\n\n\n\n<h2 class=\"wp-block-heading\">PBA et jalousie dans le couple<\/h2>\n\n\n\n<div class=\"wp-block-columns is-layout-flex wp-container-core-columns-is-layout-9d6595d7 wp-block-columns-is-layout-flex\">\n<div class=\"wp-block-column is-layout-flow wp-block-column-is-layout-flow\" style=\"flex-basis:66.66%\">\n<figure class=\"wp-block-image size-large\"><img loading=\"lazy\" decoding=\"async\" width=\"1024\" height=\"683\" src=\"https:\/\/pbatitude.com\/wp-content\/uploads\/2022\/04\/alex-motoc-JxhDRoadT_Q-unsplash-1024x683.jpg\" alt=\"PBA, adulte, jalousie, couple\" class=\"wp-image-738\" srcset=\"https:\/\/pbatitude.com\/wp-content\/uploads\/2022\/04\/alex-motoc-JxhDRoadT_Q-unsplash-1024x683.jpg 1024w, https:\/\/pbatitude.com\/wp-content\/uploads\/2022\/04\/alex-motoc-JxhDRoadT_Q-unsplash-300x200.jpg 300w, https:\/\/pbatitude.com\/wp-content\/uploads\/2022\/04\/alex-motoc-JxhDRoadT_Q-unsplash-768x512.jpg 768w, https:\/\/pbatitude.com\/wp-content\/uploads\/2022\/04\/alex-motoc-JxhDRoadT_Q-unsplash-1536x1024.jpg 1536w, https:\/\/pbatitude.com\/wp-content\/uploads\/2022\/04\/alex-motoc-JxhDRoadT_Q-unsplash-2048x1365.jpg 2048w, https:\/\/pbatitude.com\/wp-content\/uploads\/2022\/04\/alex-motoc-JxhDRoadT_Q-unsplash-1600x1067.jpg 1600w, https:\/\/pbatitude.com\/wp-content\/uploads\/2022\/04\/alex-motoc-JxhDRoadT_Q-unsplash-780x520.jpg 780w\" sizes=\"auto, (max-width: 1024px) 100vw, 1024px\" \/><\/figure>\n<\/div>\n\n\n\n<div class=\"wp-block-column is-layout-flow wp-block-column-is-layout-flow\" style=\"flex-basis:33.33%\">\n<p>La jalousie chez l\u2019adulte repr\u00e9sente des pens\u00e9es et sentiments d&rsquo;ins\u00e9curit\u00e9, de peur et d&rsquo;anxi\u00e9t\u00e9 concernant la perte d&rsquo;un statut, d&rsquo;un objet ou d&rsquo;un lien affectif ayant une importante valeur personnelle. Elle ne doit pas \u00eatre confondue avec l\u2019envie qui, elle, est li\u00e9e \u00e0 la peur de ne jamais avoir ce qu\u2019on n\u2019a pas. La PBA aide \u00e0 se lib\u00e9rer de blocages cruciaux pour retrouver une vie de couple harmonieuse. <a href=\"https:\/\/pbatitude.com\/index.php\/accueil\/pba-pour-qui\/pba-pour-adultes\/pba-jalousie-couple\/\">Aller voir&#8230;<\/a><\/p>\n<\/div>\n<\/div>\n\n\n\n<h2 class=\"wp-block-heading\">PBA et cystites<\/h2>\n\n\n\n<div class=\"wp-block-columns is-layout-flex wp-container-core-columns-is-layout-9d6595d7 wp-block-columns-is-layout-flex\">\n<div class=\"wp-block-column is-layout-flow wp-block-column-is-layout-flow\" style=\"flex-basis:33.33%\">\n<p>La cystite est une affection fr\u00e9quente chez la femme. Rares sont les femmes adultes qui n\u2019ont pas connu un \u00e9pisode d&rsquo;infection urinaire. Elle peut arriver tout au long de la vie avec des pics observ\u00e9s au d\u00e9but de l\u2019activit\u00e9 sexuelle et apr\u00e8s l\u2019arr\u00eat des r\u00e8gles. <a href=\"https:\/\/pbatitude.com\/index.php\/accueil\/pba-pour-qui\/pba-pour-adultes\/pba-cystites\/\">Aller voir&#8230;<\/a><\/p>\n<\/div>\n\n\n\n<div class=\"wp-block-column is-layout-flow wp-block-column-is-layout-flow\" style=\"flex-basis:66.66%\">\n<figure class=\"wp-block-image size-large\"><img loading=\"lazy\" decoding=\"async\" width=\"1024\" height=\"681\" src=\"https:\/\/pbatitude.com\/wp-content\/uploads\/2022\/04\/eduardo-goody-d6aGivW2ZL0-unsplash-1-1024x681.jpg\" alt=\"PBA,  adulte, femme, cystite, urinaire\" class=\"wp-image-741\" srcset=\"https:\/\/pbatitude.com\/wp-content\/uploads\/2022\/04\/eduardo-goody-d6aGivW2ZL0-unsplash-1-1024x681.jpg 1024w, https:\/\/pbatitude.com\/wp-content\/uploads\/2022\/04\/eduardo-goody-d6aGivW2ZL0-unsplash-1-300x199.jpg 300w, https:\/\/pbatitude.com\/wp-content\/uploads\/2022\/04\/eduardo-goody-d6aGivW2ZL0-unsplash-1-768x511.jpg 768w, https:\/\/pbatitude.com\/wp-content\/uploads\/2022\/04\/eduardo-goody-d6aGivW2ZL0-unsplash-1-1536x1021.jpg 1536w, https:\/\/pbatitude.com\/wp-content\/uploads\/2022\/04\/eduardo-goody-d6aGivW2ZL0-unsplash-1-2048x1362.jpg 2048w, https:\/\/pbatitude.com\/wp-content\/uploads\/2022\/04\/eduardo-goody-d6aGivW2ZL0-unsplash-1-1600x1064.jpg 1600w, https:\/\/pbatitude.com\/wp-content\/uploads\/2022\/04\/eduardo-goody-d6aGivW2ZL0-unsplash-1-780x519.jpg 780w\" sizes=\"auto, (max-width: 1024px) 100vw, 1024px\" \/><\/figure>\n<\/div>\n<\/div>\n\n\n\n<h2 class=\"wp-block-heading\">PBA et m\u00e9nopause<\/h2>\n\n\n\n<div class=\"wp-block-columns is-layout-flex wp-container-core-columns-is-layout-9d6595d7 wp-block-columns-is-layout-flex\">\n<div class=\"wp-block-column is-layout-flow wp-block-column-is-layout-flow\" style=\"flex-basis:66.66%\">\n<figure class=\"wp-block-image size-large\"><img loading=\"lazy\" decoding=\"async\" width=\"1024\" height=\"683\" src=\"https:\/\/pbatitude.com\/wp-content\/uploads\/2022\/04\/sharon-mccutcheon-P9zPITLlSBk-unsplash-1024x683.jpg\" alt=\"PBA,  adulte, femme, m\u00e9nopause\" class=\"wp-image-744\" srcset=\"https:\/\/pbatitude.com\/wp-content\/uploads\/2022\/04\/sharon-mccutcheon-P9zPITLlSBk-unsplash-1024x683.jpg 1024w, https:\/\/pbatitude.com\/wp-content\/uploads\/2022\/04\/sharon-mccutcheon-P9zPITLlSBk-unsplash-300x200.jpg 300w, https:\/\/pbatitude.com\/wp-content\/uploads\/2022\/04\/sharon-mccutcheon-P9zPITLlSBk-unsplash-768x512.jpg 768w, https:\/\/pbatitude.com\/wp-content\/uploads\/2022\/04\/sharon-mccutcheon-P9zPITLlSBk-unsplash-1536x1024.jpg 1536w, https:\/\/pbatitude.com\/wp-content\/uploads\/2022\/04\/sharon-mccutcheon-P9zPITLlSBk-unsplash-2048x1365.jpg 2048w, https:\/\/pbatitude.com\/wp-content\/uploads\/2022\/04\/sharon-mccutcheon-P9zPITLlSBk-unsplash-1600x1067.jpg 1600w, https:\/\/pbatitude.com\/wp-content\/uploads\/2022\/04\/sharon-mccutcheon-P9zPITLlSBk-unsplash-780x520.jpg 780w\" sizes=\"auto, (max-width: 1024px) 100vw, 1024px\" \/><\/figure>\n<\/div>\n\n\n\n<div class=\"wp-block-column is-layout-flow wp-block-column-is-layout-flow\" style=\"flex-basis:33.33%\">\n<p>La m\u00e9nopause est la p\u00e9riode de la vie d&rsquo;une femme o\u00f9 les r\u00e8gles (menstruations) s&rsquo;arr\u00eatent d\u00e9finitivement. Elle intervient g\u00e9n\u00e9ralement entre 45 et 55 ans. La m\u00e9nopause est un ph\u00e9nom\u00e8ne naturel chez la femme adulte avec son lot de d\u00e9sagr\u00e9ments. La PBA peut vous aider \u00e0 retrouver harmonie et bien-\u00eatre durant cette p\u00e9riode de transition. <a href=\"https:\/\/pbatitude.com\/index.php\/accueil\/pba-pour-qui\/pba-pour-adultes\/pba-menopause\/\">Aller voir&#8230;<\/a><\/p>\n<\/div>\n<\/div>\n\n\n\n<h2 class=\"wp-block-heading\">PBA et \u00e9co-anxi\u00e9t\u00e9<\/h2>\n\n\n\n<div class=\"wp-block-columns is-layout-flex wp-container-core-columns-is-layout-9d6595d7 wp-block-columns-is-layout-flex\">\n<div class=\"wp-block-column is-layout-flow wp-block-column-is-layout-flow\" style=\"flex-basis:33.33%\">\n<p>La peur des bouleversements \u00e9cologiques et de la fin de l\u2019humanit\u00e9, relay\u00e9e par les m\u00e9dias, est \u00e0 la fois collective et individuelle. Cette \u201c\u00e9co-anxi\u00e9t\u00e9\u201d&nbsp; toucherait plus de 70% des 18-34 ans. Qu\u2019est-ce que l\u2019\u00e9co-anxi\u00e9t\u00e9 ? Comment se manifeste-t-elle ? La PBA peut-elle apaiser les \u00e9co-anxieux ? <a href=\"https:\/\/pbatitude.com\/index.php\/accueil\/pba-pour-qui\/pba-pour-adultes\/eco-anxiete\/\">Aller voir&#8230;<\/a><\/p>\n<\/div>\n\n\n\n<div class=\"wp-block-column is-layout-flow wp-block-column-is-layout-flow\" style=\"flex-basis:66.66%\">\n<figure class=\"wp-block-image size-large\"><img loading=\"lazy\" decoding=\"async\" width=\"1024\" height=\"731\" src=\"https:\/\/pbatitude.com\/wp-content\/uploads\/2023\/06\/dustin-humes-7iy1M95dPDA-unsplash-1024x731.jpg\" alt=\"\" class=\"wp-image-1055\" srcset=\"https:\/\/pbatitude.com\/wp-content\/uploads\/2023\/06\/dustin-humes-7iy1M95dPDA-unsplash-1024x731.jpg 1024w, https:\/\/pbatitude.com\/wp-content\/uploads\/2023\/06\/dustin-humes-7iy1M95dPDA-unsplash-300x214.jpg 300w, https:\/\/pbatitude.com\/wp-content\/uploads\/2023\/06\/dustin-humes-7iy1M95dPDA-unsplash-768x548.jpg 768w, https:\/\/pbatitude.com\/wp-content\/uploads\/2023\/06\/dustin-humes-7iy1M95dPDA-unsplash-1536x1097.jpg 1536w\" sizes=\"auto, (max-width: 1024px) 100vw, 1024px\" \/><\/figure>\n<\/div>\n<\/div>\n\n\n\n<h2 class=\"wp-block-heading\">Voir aussi :<\/h2>\n\n\n\n<ul class=\"wp-block-list\">\n<li><a href=\"https:\/\/pbatitude.com\/index.php\/accueil\/etudes-cas-psycho-bio-acupressure\/livres-psycho-bio-acupressure\/cas-virginie-avoir-permis-conduire\/\" target=\"_blank\" rel=\"noreferrer noopener\">Le cas de Virginie qui n\u2019arrive pas \u00e0 avoir son permis de conduire<\/a><\/li>\n\n\n\n<li><a href=\"https:\/\/pbatitude.com\/index.php\/accueil\/etudes-cas-psycho-bio-acupressure\/exemples-pba-claire-droin\/cas-rejane-burn-out\/\" target=\"_blank\" rel=\"noreferrer noopener\">Le cas de R\u00e9jane, en plein burn-out<\/a><\/li>\n\n\n\n<li><a href=\"https:\/\/pbatitude.com\/index.php\/accueil\/etudes-cas-psycho-bio-acupressure\/exemples-pba-claire-droin\/exemple-valerie-fils-colere\/\" target=\"_blank\" rel=\"noreferrer noopener\">L&rsquo;exemple de Val\u00e9rie et de son fils pleins de col\u00e8re<\/a><\/li>\n\n\n\n<li><a href=\"https:\/\/pbatitude.com\/index.php\/accueil\/etudes-cas-psycho-bio-acupressure\/exemples-pba-claire-droin\/cas-celine-surpoids\/\" target=\"_blank\" rel=\"noreferrer noopener\">Le cas de C\u00e9line qui se plaint de surpoids<\/a><\/li>\n\n\n\n<li><a href=\"https:\/\/pbatitude.com\/index.php\/accueil\/etudes-cas-psycho-bio-acupressure\/exemples-pba-claire-droin\/tristesse-noelie-vit-mal-separation-parents\/\" target=\"_blank\" rel=\"noreferrer noopener\">La tristesse de No\u00eblie qui vit mal la s\u00e9paration de ses parents<\/a><\/li>\n<\/ul>\n\n\n\n<p><\/p>\n","protected":false},"excerpt":{"rendered":"<p>La plupart des blocages \u00e9motionnels sont issus de l\u2019enfance o\u00f9 ils ont permis \u00e0 la personne de faire face \u00e0 certaines situations, mais ils ne sont plus adapt\u00e9s \u00e0 la vie d\u2019adulte et l\u2019emp\u00eachent souvent de vivre en harmonie avec sa nature profonde. Par ailleurs, la femme, l&rsquo;homme, le couple sont confront\u00e9s dans leur vie &hellip;<\/p>\n","protected":false},"author":1,"featured_media":0,"parent":787,"menu_order":1,"comment_status":"closed","ping_status":"closed","template":"","meta":{"footnotes":""},"class_list":["post-746","page","type-page","status-publish","hentry","entry entry-center"],"yoast_head":"<!-- This site is optimized with the Yoast SEO plugin v27.4 - https:\/\/yoast.com\/product\/yoast-seo-wordpress\/ -->\n<title>PBA POUR LES ADULTES - PBAtitude<\/title>\n<meta name=\"description\" content=\"PBA adulte femme homme couple chocs crise milieu de vie licenciement deuil\" \/>\n<meta name=\"robots\" content=\"index, follow, max-snippet:-1, max-image-preview:large, max-video-preview:-1\" \/>\n<link rel=\"canonical\" href=\"https:\/\/pbatitude.com\/index.php\/accueil\/pba-pour-qui\/pba-pour-adultes\/\" \/>\n<meta property=\"og:locale\" content=\"fr_FR\" \/>\n<meta property=\"og:type\" content=\"article\" \/>\n<meta property=\"og:title\" content=\"PBA POUR LES ADULTES - PBAtitude\" \/>\n<meta property=\"og:description\" content=\"PBA adulte femme homme couple chocs crise milieu de vie licenciement deuil\" \/>\n<meta property=\"og:url\" content=\"https:\/\/pbatitude.com\/index.php\/accueil\/pba-pour-qui\/pba-pour-adultes\/\" \/>\n<meta property=\"og:site_name\" content=\"PBAtitude\" \/>\n<meta property=\"article:modified_time\" content=\"2025-03-05T14:06:03+00:00\" \/>\n<meta property=\"og:image\" content=\"https:\/\/pbatitude.com\/wp-content\/uploads\/2022\/04\/yonko-kilasi-UD18IK8upcA-unsplash-1024x683.jpg\" \/>\n<meta name=\"twitter:card\" content=\"summary_large_image\" \/>\n<meta name=\"twitter:label1\" content=\"Dur\u00e9e de lecture estim\u00e9e\" \/>\n\t<meta name=\"twitter:data1\" content=\"5 minutes\" \/>\n<script type=\"application\/ld+json\" class=\"yoast-schema-graph\">{\"@context\":\"https:\\\/\\\/schema.org\",\"@graph\":[{\"@type\":\"WebPage\",\"@id\":\"https:\\\/\\\/pbatitude.com\\\/index.php\\\/accueil\\\/pba-pour-qui\\\/pba-pour-adultes\\\/\",\"url\":\"https:\\\/\\\/pbatitude.com\\\/index.php\\\/accueil\\\/pba-pour-qui\\\/pba-pour-adultes\\\/\",\"name\":\"PBA POUR LES ADULTES - PBAtitude\",\"isPartOf\":{\"@id\":\"https:\\\/\\\/pbatitude.com\\\/#website\"},\"primaryImageOfPage\":{\"@id\":\"https:\\\/\\\/pbatitude.com\\\/index.php\\\/accueil\\\/pba-pour-qui\\\/pba-pour-adultes\\\/#primaryimage\"},\"image\":{\"@id\":\"https:\\\/\\\/pbatitude.com\\\/index.php\\\/accueil\\\/pba-pour-qui\\\/pba-pour-adultes\\\/#primaryimage\"},\"thumbnailUrl\":\"https:\\\/\\\/pbatitude.com\\\/wp-content\\\/uploads\\\/2022\\\/04\\\/yonko-kilasi-UD18IK8upcA-unsplash-1024x683.jpg\",\"datePublished\":\"2022-04-28T13:31:46+00:00\",\"dateModified\":\"2025-03-05T14:06:03+00:00\",\"description\":\"PBA adulte femme homme couple chocs crise milieu de vie licenciement deuil\",\"breadcrumb\":{\"@id\":\"https:\\\/\\\/pbatitude.com\\\/index.php\\\/accueil\\\/pba-pour-qui\\\/pba-pour-adultes\\\/#breadcrumb\"},\"inLanguage\":\"fr-FR\",\"potentialAction\":[{\"@type\":\"ReadAction\",\"target\":[\"https:\\\/\\\/pbatitude.com\\\/index.php\\\/accueil\\\/pba-pour-qui\\\/pba-pour-adultes\\\/\"]}]},{\"@type\":\"ImageObject\",\"inLanguage\":\"fr-FR\",\"@id\":\"https:\\\/\\\/pbatitude.com\\\/index.php\\\/accueil\\\/pba-pour-qui\\\/pba-pour-adultes\\\/#primaryimage\",\"url\":\"https:\\\/\\\/pbatitude.com\\\/wp-content\\\/uploads\\\/2022\\\/04\\\/yonko-kilasi-UD18IK8upcA-unsplash-1024x683.jpg\",\"contentUrl\":\"https:\\\/\\\/pbatitude.com\\\/wp-content\\\/uploads\\\/2022\\\/04\\\/yonko-kilasi-UD18IK8upcA-unsplash-1024x683.jpg\"},{\"@type\":\"BreadcrumbList\",\"@id\":\"https:\\\/\\\/pbatitude.com\\\/index.php\\\/accueil\\\/pba-pour-qui\\\/pba-pour-adultes\\\/#breadcrumb\",\"itemListElement\":[{\"@type\":\"ListItem\",\"position\":1,\"name\":\"Accueil\",\"item\":\"https:\\\/\\\/pbatitude.com\\\/\"},{\"@type\":\"ListItem\",\"position\":2,\"name\":\"ACCUEIL\",\"item\":\"https:\\\/\\\/pbatitude.com\\\/\"},{\"@type\":\"ListItem\",\"position\":3,\"name\":\"A QUI S&rsquo;ADRESSE LA PBA ?\",\"item\":\"https:\\\/\\\/pbatitude.com\\\/index.php\\\/accueil\\\/pba-pour-qui\\\/\"},{\"@type\":\"ListItem\",\"position\":4,\"name\":\"PBA POUR LES ADULTES\"}]},{\"@type\":\"WebSite\",\"@id\":\"https:\\\/\\\/pbatitude.com\\\/#website\",\"url\":\"https:\\\/\\\/pbatitude.com\\\/\",\"name\":\"PBAtitude\",\"description\":\"A la rencontre de votre nature profonde\",\"potentialAction\":[{\"@type\":\"SearchAction\",\"target\":{\"@type\":\"EntryPoint\",\"urlTemplate\":\"https:\\\/\\\/pbatitude.com\\\/?s={search_term_string}\"},\"query-input\":{\"@type\":\"PropertyValueSpecification\",\"valueRequired\":true,\"valueName\":\"search_term_string\"}}],\"inLanguage\":\"fr-FR\"}]}<\/script>\n<!-- \/ Yoast SEO plugin. -->","yoast_head_json":{"title":"PBA POUR LES ADULTES - PBAtitude","description":"PBA adulte femme homme couple chocs crise milieu de vie licenciement deuil","robots":{"index":"index","follow":"follow","max-snippet":"max-snippet:-1","max-image-preview":"max-image-preview:large","max-video-preview":"max-video-preview:-1"},"canonical":"https:\/\/pbatitude.com\/index.php\/accueil\/pba-pour-qui\/pba-pour-adultes\/","og_locale":"fr_FR","og_type":"article","og_title":"PBA POUR LES ADULTES - PBAtitude","og_description":"PBA adulte femme homme couple chocs crise milieu de vie licenciement deuil","og_url":"https:\/\/pbatitude.com\/index.php\/accueil\/pba-pour-qui\/pba-pour-adultes\/","og_site_name":"PBAtitude","article_modified_time":"2025-03-05T14:06:03+00:00","og_image":[{"url":"https:\/\/pbatitude.com\/wp-content\/uploads\/2022\/04\/yonko-kilasi-UD18IK8upcA-unsplash-1024x683.jpg","type":"","width":"","height":""}],"twitter_card":"summary_large_image","twitter_misc":{"Dur\u00e9e de lecture estim\u00e9e":"5 minutes"},"schema":{"@context":"https:\/\/schema.org","@graph":[{"@type":"WebPage","@id":"https:\/\/pbatitude.com\/index.php\/accueil\/pba-pour-qui\/pba-pour-adultes\/","url":"https:\/\/pbatitude.com\/index.php\/accueil\/pba-pour-qui\/pba-pour-adultes\/","name":"PBA POUR LES ADULTES - PBAtitude","isPartOf":{"@id":"https:\/\/pbatitude.com\/#website"},"primaryImageOfPage":{"@id":"https:\/\/pbatitude.com\/index.php\/accueil\/pba-pour-qui\/pba-pour-adultes\/#primaryimage"},"image":{"@id":"https:\/\/pbatitude.com\/index.php\/accueil\/pba-pour-qui\/pba-pour-adultes\/#primaryimage"},"thumbnailUrl":"https:\/\/pbatitude.com\/wp-content\/uploads\/2022\/04\/yonko-kilasi-UD18IK8upcA-unsplash-1024x683.jpg","datePublished":"2022-04-28T13:31:46+00:00","dateModified":"2025-03-05T14:06:03+00:00","description":"PBA adulte femme homme couple chocs crise milieu de vie licenciement deuil","breadcrumb":{"@id":"https:\/\/pbatitude.com\/index.php\/accueil\/pba-pour-qui\/pba-pour-adultes\/#breadcrumb"},"inLanguage":"fr-FR","potentialAction":[{"@type":"ReadAction","target":["https:\/\/pbatitude.com\/index.php\/accueil\/pba-pour-qui\/pba-pour-adultes\/"]}]},{"@type":"ImageObject","inLanguage":"fr-FR","@id":"https:\/\/pbatitude.com\/index.php\/accueil\/pba-pour-qui\/pba-pour-adultes\/#primaryimage","url":"https:\/\/pbatitude.com\/wp-content\/uploads\/2022\/04\/yonko-kilasi-UD18IK8upcA-unsplash-1024x683.jpg","contentUrl":"https:\/\/pbatitude.com\/wp-content\/uploads\/2022\/04\/yonko-kilasi-UD18IK8upcA-unsplash-1024x683.jpg"},{"@type":"BreadcrumbList","@id":"https:\/\/pbatitude.com\/index.php\/accueil\/pba-pour-qui\/pba-pour-adultes\/#breadcrumb","itemListElement":[{"@type":"ListItem","position":1,"name":"Accueil","item":"https:\/\/pbatitude.com\/"},{"@type":"ListItem","position":2,"name":"ACCUEIL","item":"https:\/\/pbatitude.com\/"},{"@type":"ListItem","position":3,"name":"A QUI S&rsquo;ADRESSE LA PBA ?","item":"https:\/\/pbatitude.com\/index.php\/accueil\/pba-pour-qui\/"},{"@type":"ListItem","position":4,"name":"PBA POUR LES ADULTES"}]},{"@type":"WebSite","@id":"https:\/\/pbatitude.com\/#website","url":"https:\/\/pbatitude.com\/","name":"PBAtitude","description":"A la rencontre de votre nature profonde","potentialAction":[{"@type":"SearchAction","target":{"@type":"EntryPoint","urlTemplate":"https:\/\/pbatitude.com\/?s={search_term_string}"},"query-input":{"@type":"PropertyValueSpecification","valueRequired":true,"valueName":"search_term_string"}}],"inLanguage":"fr-FR"}]}},"_links":{"self":[{"href":"https:\/\/pbatitude.com\/index.php\/wp-json\/wp\/v2\/pages\/746","targetHints":{"allow":["GET"]}}],"collection":[{"href":"https:\/\/pbatitude.com\/index.php\/wp-json\/wp\/v2\/pages"}],"about":[{"href":"https:\/\/pbatitude.com\/index.php\/wp-json\/wp\/v2\/types\/page"}],"author":[{"embeddable":true,"href":"https:\/\/pbatitude.com\/index.php\/wp-json\/wp\/v2\/users\/1"}],"replies":[{"embeddable":true,"href":"https:\/\/pbatitude.com\/index.php\/wp-json\/wp\/v2\/comments?post=746"}],"version-history":[{"count":10,"href":"https:\/\/pbatitude.com\/index.php\/wp-json\/wp\/v2\/pages\/746\/revisions"}],"predecessor-version":[{"id":1277,"href":"https:\/\/pbatitude.com\/index.php\/wp-json\/wp\/v2\/pages\/746\/revisions\/1277"}],"up":[{"embeddable":true,"href":"https:\/\/pbatitude.com\/index.php\/wp-json\/wp\/v2\/pages\/787"}],"wp:attachment":[{"href":"https:\/\/pbatitude.com\/index.php\/wp-json\/wp\/v2\/media?parent=746"}],"curies":[{"name":"wp","href":"https:\/\/api.w.org\/{rel}","templated":true}]}}