{"id":677,"date":"2022-04-25T17:42:35","date_gmt":"2022-04-25T15:42:35","guid":{"rendered":"https:\/\/pbatitude.com\/?page_id=677"},"modified":"2025-03-05T15:29:56","modified_gmt":"2025-03-05T14:29:56","slug":"autres-temoignages-pba","status":"publish","type":"page","link":"https:\/\/pbatitude.com\/index.php\/accueil\/etudes-cas-psycho-bio-acupressure\/temoignages-consultants-psycho-bio-acupressure\/autres-temoignages-pba\/","title":{"rendered":"Autres t\u00e9moignages sur la PBA"},"content":{"rendered":"\n<p>Vous trouverez de nombreux t\u00e9moignages sur la PBA sur diff\u00e9rents sites internet. Voici quelques exemples de messages r\u00e9dig\u00e9s par des consultants qui t\u00e9moignent de leur satisfaction.<\/p>\n\n\n\n<figure class=\"wp-block-image size-large\"><img loading=\"lazy\" decoding=\"async\" width=\"1024\" height=\"683\" src=\"https:\/\/pbatitude.com\/wp-content\/uploads\/2022\/04\/camila-damasio-e3yBLD7-6Po-unsplash-1024x683.jpg\" alt=\"t\u00e9moignage, consultant, message\" class=\"wp-image-678\" srcset=\"https:\/\/pbatitude.com\/wp-content\/uploads\/2022\/04\/camila-damasio-e3yBLD7-6Po-unsplash-1024x683.jpg 1024w, https:\/\/pbatitude.com\/wp-content\/uploads\/2022\/04\/camila-damasio-e3yBLD7-6Po-unsplash-300x200.jpg 300w, https:\/\/pbatitude.com\/wp-content\/uploads\/2022\/04\/camila-damasio-e3yBLD7-6Po-unsplash-768x512.jpg 768w, https:\/\/pbatitude.com\/wp-content\/uploads\/2022\/04\/camila-damasio-e3yBLD7-6Po-unsplash-1536x1024.jpg 1536w, https:\/\/pbatitude.com\/wp-content\/uploads\/2022\/04\/camila-damasio-e3yBLD7-6Po-unsplash-2048x1366.jpg 2048w, https:\/\/pbatitude.com\/wp-content\/uploads\/2022\/04\/camila-damasio-e3yBLD7-6Po-unsplash-1600x1067.jpg 1600w, https:\/\/pbatitude.com\/wp-content\/uploads\/2022\/04\/camila-damasio-e3yBLD7-6Po-unsplash-780x520.jpg 780w\" sizes=\"auto, (max-width: 1024px) 100vw, 1024px\" \/><\/figure>\n\n\n\n<h2 class=\"wp-block-heading\">Message de Christine G., consultante en PBA :<\/h2>\n\n\n\n<p>\u00ab\u00a0La PBA est une th\u00e9rapie tr\u00e8s douce. Pas de m\u00e9dicaments, pas de proc\u00e9dures m\u00e9dicales complexes. Les \u00e9motions remontent petit \u00e0 petit et sont \u00e9vacu\u00e9es au fur-et-\u00e0 mesure, ce qui garantit de ne pas \u00eatre submerg\u00e9 par des ressentis enfouis ou refoul\u00e9s. Et l\u2019on se sent lib\u00e9r\u00e9, plus l\u00e9ger, plus apte \u00e0 la vie.\u00a0\u00bb<\/p>\n\n\n\n<h2 class=\"wp-block-heading\">T\u00e9moignage de Fran\u00e7oise H., consultante en PBA :<\/h2>\n\n\n\n<p>\u00ab\u00a0Les s\u00e9ances de PBA sont extraordinaires, j&rsquo;ai l&rsquo;impression d&rsquo;avoir beaucoup chang\u00e9 et d&rsquo;avoir appris tellement de choses. Je suis vraiment heureuse d&rsquo;avoir pu conna\u00eetre cette technique efficace et relaxante.\u00a0\u00bb<\/p>\n\n\n\n<h2 class=\"wp-block-heading\">Message de Emelyne D., consultante en PBA :<\/h2>\n\n\n\n<p>\u201cJ\u2019adore cette m\u00e9thode. Elle est simple, rapide et efficace. Toute ma famille l\u2019a adopt\u00e9e. Apr\u00e8s une s\u00e9ance, on se sent apais\u00e9 \u00e9motionnellement. Et apr\u00e8s quelques s\u00e9ances on est en mesure de d\u00e9bloquer des situations qui nous paraissaient sans issue.\u201d&nbsp; &nbsp;<\/p>\n\n\n\n<h2 class=\"wp-block-heading\">Message de Julien B., consultant en PBA :<\/h2>\n\n\n\n<p>\u201cJ&rsquo;ai eu une exp\u00e9rience de vie difficile. Les angoisses, les peurs et les phobies faisaient partie de mon quotidien depuis plus de 10 ans. J&rsquo;ai consult\u00e9 beaucoup de psy, j&rsquo;ai tent\u00e9 l&rsquo;hypnose, le shiatsu et d&rsquo;autres techniques sens\u00e9es me faire aller mieux. J&rsquo;ai un peu avanc\u00e9 en effet avec ces th\u00e9rapies, mais pas sur les vrais probl\u00e8mes qui \u00e9taient plus profonds. Apr\u00e8s un \u00e9ni\u00e8me arr\u00eat de travail, j&rsquo;ai d\u00e9cid\u00e9 de tenter la PBA. Honn\u00eatement, au bout de 2 s\u00e9ances, j&rsquo;ai eu l&rsquo;impression de faire plus de progr\u00e8s qu&rsquo;en 5 ans de consultation chez mon psychologue. Le psychiatre en personne m&rsquo;a avou\u00e9 \u00eatre surpris de ma progression aussi rapide. Depuis, j&rsquo;ai repris le travail et ma vie va beaucoup mieux.\u201d<\/p>\n\n\n\n<h2 class=\"wp-block-heading\">Voir aussi :<\/h2>\n\n\n\n<ul class=\"wp-block-list\">\n<li><a href=\"https:\/\/pbatitude.com\/index.php\/accueil\/etudes-cas-psycho-bio-acupressure\/temoignages-consultants-psycho-bio-acupressure\/temoignages-clients-pbatitude\/\">T\u00e9moignages de clients de PBAtitude<\/a><\/li>\n<\/ul>\n\n\n\n<p>Retour vers <a href=\"https:\/\/pbatitude.com\/index.php\/accueil\/etudes-cas-psycho-bio-acupressure\/temoignages-consultants-psycho-bio-acupressure\/\">T\u00e9moignages consultants en Psycho-Bio-Acupressure<\/a><\/p>\n","protected":false},"excerpt":{"rendered":"<p>Vous trouverez de nombreux t\u00e9moignages sur la PBA sur diff\u00e9rents sites internet. Voici quelques exemples de messages r\u00e9dig\u00e9s par des consultants qui t\u00e9moignent de leur satisfaction. Message de Christine G., consultante en PBA : \u00ab\u00a0La PBA est une th\u00e9rapie tr\u00e8s douce. Pas de m\u00e9dicaments, pas de proc\u00e9dures m\u00e9dicales complexes. Les \u00e9motions remontent petit \u00e0 petit &hellip;<\/p>\n","protected":false},"author":1,"featured_media":0,"parent":682,"menu_order":2,"comment_status":"closed","ping_status":"closed","template":"","meta":{"footnotes":""},"class_list":["post-677","page","type-page","status-publish","hentry","entry entry-center"],"yoast_head":"<!-- This site is optimized with the Yoast SEO plugin v27.3 - https:\/\/yoast.com\/product\/yoast-seo-wordpress\/ -->\n<title>Autres t\u00e9moignages sur la PBA - PBAtitude<\/title>\n<meta name=\"description\" content=\"t\u00e9moignage consultant message\" \/>\n<meta name=\"robots\" content=\"index, follow, max-snippet:-1, max-image-preview:large, max-video-preview:-1\" \/>\n<link rel=\"canonical\" href=\"https:\/\/pbatitude.com\/index.php\/accueil\/etudes-cas-psycho-bio-acupressure\/temoignages-consultants-psycho-bio-acupressure\/autres-temoignages-pba\/\" \/>\n<meta property=\"og:locale\" content=\"fr_FR\" \/>\n<meta property=\"og:type\" content=\"article\" \/>\n<meta property=\"og:title\" content=\"Autres t\u00e9moignages sur la PBA - PBAtitude\" \/>\n<meta property=\"og:description\" content=\"t\u00e9moignage consultant message\" \/>\n<meta property=\"og:url\" content=\"https:\/\/pbatitude.com\/index.php\/accueil\/etudes-cas-psycho-bio-acupressure\/temoignages-consultants-psycho-bio-acupressure\/autres-temoignages-pba\/\" \/>\n<meta property=\"og:site_name\" content=\"PBAtitude\" \/>\n<meta property=\"article:modified_time\" content=\"2025-03-05T14:29:56+00:00\" \/>\n<meta property=\"og:image\" content=\"https:\/\/pbatitude.com\/wp-content\/uploads\/2022\/04\/camila-damasio-e3yBLD7-6Po-unsplash-1024x683.jpg\" \/>\n<meta name=\"twitter:card\" content=\"summary_large_image\" \/>\n<meta name=\"twitter:label1\" content=\"Dur\u00e9e de lecture estim\u00e9e\" \/>\n\t<meta name=\"twitter:data1\" content=\"2 minutes\" \/>\n<script type=\"application\/ld+json\" class=\"yoast-schema-graph\">{\"@context\":\"https:\\\/\\\/schema.org\",\"@graph\":[{\"@type\":\"WebPage\",\"@id\":\"https:\\\/\\\/pbatitude.com\\\/index.php\\\/accueil\\\/etudes-cas-psycho-bio-acupressure\\\/temoignages-consultants-psycho-bio-acupressure\\\/autres-temoignages-pba\\\/\",\"url\":\"https:\\\/\\\/pbatitude.com\\\/index.php\\\/accueil\\\/etudes-cas-psycho-bio-acupressure\\\/temoignages-consultants-psycho-bio-acupressure\\\/autres-temoignages-pba\\\/\",\"name\":\"Autres t\u00e9moignages sur la PBA - PBAtitude\",\"isPartOf\":{\"@id\":\"https:\\\/\\\/pbatitude.com\\\/#website\"},\"primaryImageOfPage\":{\"@id\":\"https:\\\/\\\/pbatitude.com\\\/index.php\\\/accueil\\\/etudes-cas-psycho-bio-acupressure\\\/temoignages-consultants-psycho-bio-acupressure\\\/autres-temoignages-pba\\\/#primaryimage\"},\"image\":{\"@id\":\"https:\\\/\\\/pbatitude.com\\\/index.php\\\/accueil\\\/etudes-cas-psycho-bio-acupressure\\\/temoignages-consultants-psycho-bio-acupressure\\\/autres-temoignages-pba\\\/#primaryimage\"},\"thumbnailUrl\":\"https:\\\/\\\/pbatitude.com\\\/wp-content\\\/uploads\\\/2022\\\/04\\\/camila-damasio-e3yBLD7-6Po-unsplash-1024x683.jpg\",\"datePublished\":\"2022-04-25T15:42:35+00:00\",\"dateModified\":\"2025-03-05T14:29:56+00:00\",\"description\":\"t\u00e9moignage consultant message\",\"breadcrumb\":{\"@id\":\"https:\\\/\\\/pbatitude.com\\\/index.php\\\/accueil\\\/etudes-cas-psycho-bio-acupressure\\\/temoignages-consultants-psycho-bio-acupressure\\\/autres-temoignages-pba\\\/#breadcrumb\"},\"inLanguage\":\"fr-FR\",\"potentialAction\":[{\"@type\":\"ReadAction\",\"target\":[\"https:\\\/\\\/pbatitude.com\\\/index.php\\\/accueil\\\/etudes-cas-psycho-bio-acupressure\\\/temoignages-consultants-psycho-bio-acupressure\\\/autres-temoignages-pba\\\/\"]}]},{\"@type\":\"ImageObject\",\"inLanguage\":\"fr-FR\",\"@id\":\"https:\\\/\\\/pbatitude.com\\\/index.php\\\/accueil\\\/etudes-cas-psycho-bio-acupressure\\\/temoignages-consultants-psycho-bio-acupressure\\\/autres-temoignages-pba\\\/#primaryimage\",\"url\":\"https:\\\/\\\/pbatitude.com\\\/wp-content\\\/uploads\\\/2022\\\/04\\\/camila-damasio-e3yBLD7-6Po-unsplash-1024x683.jpg\",\"contentUrl\":\"https:\\\/\\\/pbatitude.com\\\/wp-content\\\/uploads\\\/2022\\\/04\\\/camila-damasio-e3yBLD7-6Po-unsplash-1024x683.jpg\"},{\"@type\":\"BreadcrumbList\",\"@id\":\"https:\\\/\\\/pbatitude.com\\\/index.php\\\/accueil\\\/etudes-cas-psycho-bio-acupressure\\\/temoignages-consultants-psycho-bio-acupressure\\\/autres-temoignages-pba\\\/#breadcrumb\",\"itemListElement\":[{\"@type\":\"ListItem\",\"position\":1,\"name\":\"Accueil\",\"item\":\"https:\\\/\\\/pbatitude.com\\\/\"},{\"@type\":\"ListItem\",\"position\":2,\"name\":\"ACCUEIL\",\"item\":\"https:\\\/\\\/pbatitude.com\\\/\"},{\"@type\":\"ListItem\",\"position\":3,\"name\":\"ETUDES DE CAS EN PSYCHO-BIO-ACUPRESSURE\",\"item\":\"https:\\\/\\\/pbatitude.com\\\/index.php\\\/accueil\\\/etudes-cas-psycho-bio-acupressure\\\/\"},{\"@type\":\"ListItem\",\"position\":4,\"name\":\"TEMOIGNAGES CONSULTANTS EN PSYCHO-BIO-ACUPRESSURE\",\"item\":\"https:\\\/\\\/pbatitude.com\\\/index.php\\\/accueil\\\/etudes-cas-psycho-bio-acupressure\\\/temoignages-consultants-psycho-bio-acupressure\\\/\"},{\"@type\":\"ListItem\",\"position\":5,\"name\":\"Autres t\u00e9moignages sur la PBA\"}]},{\"@type\":\"WebSite\",\"@id\":\"https:\\\/\\\/pbatitude.com\\\/#website\",\"url\":\"https:\\\/\\\/pbatitude.com\\\/\",\"name\":\"PBAtitude\",\"description\":\"A la rencontre de votre nature profonde\",\"potentialAction\":[{\"@type\":\"SearchAction\",\"target\":{\"@type\":\"EntryPoint\",\"urlTemplate\":\"https:\\\/\\\/pbatitude.com\\\/?s={search_term_string}\"},\"query-input\":{\"@type\":\"PropertyValueSpecification\",\"valueRequired\":true,\"valueName\":\"search_term_string\"}}],\"inLanguage\":\"fr-FR\"}]}<\/script>\n<!-- \/ Yoast SEO plugin. -->","yoast_head_json":{"title":"Autres t\u00e9moignages sur la PBA - PBAtitude","description":"t\u00e9moignage consultant message","robots":{"index":"index","follow":"follow","max-snippet":"max-snippet:-1","max-image-preview":"max-image-preview:large","max-video-preview":"max-video-preview:-1"},"canonical":"https:\/\/pbatitude.com\/index.php\/accueil\/etudes-cas-psycho-bio-acupressure\/temoignages-consultants-psycho-bio-acupressure\/autres-temoignages-pba\/","og_locale":"fr_FR","og_type":"article","og_title":"Autres t\u00e9moignages sur la PBA - PBAtitude","og_description":"t\u00e9moignage consultant message","og_url":"https:\/\/pbatitude.com\/index.php\/accueil\/etudes-cas-psycho-bio-acupressure\/temoignages-consultants-psycho-bio-acupressure\/autres-temoignages-pba\/","og_site_name":"PBAtitude","article_modified_time":"2025-03-05T14:29:56+00:00","og_image":[{"url":"https:\/\/pbatitude.com\/wp-content\/uploads\/2022\/04\/camila-damasio-e3yBLD7-6Po-unsplash-1024x683.jpg","type":"","width":"","height":""}],"twitter_card":"summary_large_image","twitter_misc":{"Dur\u00e9e de lecture estim\u00e9e":"2 minutes"},"schema":{"@context":"https:\/\/schema.org","@graph":[{"@type":"WebPage","@id":"https:\/\/pbatitude.com\/index.php\/accueil\/etudes-cas-psycho-bio-acupressure\/temoignages-consultants-psycho-bio-acupressure\/autres-temoignages-pba\/","url":"https:\/\/pbatitude.com\/index.php\/accueil\/etudes-cas-psycho-bio-acupressure\/temoignages-consultants-psycho-bio-acupressure\/autres-temoignages-pba\/","name":"Autres t\u00e9moignages sur la PBA - PBAtitude","isPartOf":{"@id":"https:\/\/pbatitude.com\/#website"},"primaryImageOfPage":{"@id":"https:\/\/pbatitude.com\/index.php\/accueil\/etudes-cas-psycho-bio-acupressure\/temoignages-consultants-psycho-bio-acupressure\/autres-temoignages-pba\/#primaryimage"},"image":{"@id":"https:\/\/pbatitude.com\/index.php\/accueil\/etudes-cas-psycho-bio-acupressure\/temoignages-consultants-psycho-bio-acupressure\/autres-temoignages-pba\/#primaryimage"},"thumbnailUrl":"https:\/\/pbatitude.com\/wp-content\/uploads\/2022\/04\/camila-damasio-e3yBLD7-6Po-unsplash-1024x683.jpg","datePublished":"2022-04-25T15:42:35+00:00","dateModified":"2025-03-05T14:29:56+00:00","description":"t\u00e9moignage consultant message","breadcrumb":{"@id":"https:\/\/pbatitude.com\/index.php\/accueil\/etudes-cas-psycho-bio-acupressure\/temoignages-consultants-psycho-bio-acupressure\/autres-temoignages-pba\/#breadcrumb"},"inLanguage":"fr-FR","potentialAction":[{"@type":"ReadAction","target":["https:\/\/pbatitude.com\/index.php\/accueil\/etudes-cas-psycho-bio-acupressure\/temoignages-consultants-psycho-bio-acupressure\/autres-temoignages-pba\/"]}]},{"@type":"ImageObject","inLanguage":"fr-FR","@id":"https:\/\/pbatitude.com\/index.php\/accueil\/etudes-cas-psycho-bio-acupressure\/temoignages-consultants-psycho-bio-acupressure\/autres-temoignages-pba\/#primaryimage","url":"https:\/\/pbatitude.com\/wp-content\/uploads\/2022\/04\/camila-damasio-e3yBLD7-6Po-unsplash-1024x683.jpg","contentUrl":"https:\/\/pbatitude.com\/wp-content\/uploads\/2022\/04\/camila-damasio-e3yBLD7-6Po-unsplash-1024x683.jpg"},{"@type":"BreadcrumbList","@id":"https:\/\/pbatitude.com\/index.php\/accueil\/etudes-cas-psycho-bio-acupressure\/temoignages-consultants-psycho-bio-acupressure\/autres-temoignages-pba\/#breadcrumb","itemListElement":[{"@type":"ListItem","position":1,"name":"Accueil","item":"https:\/\/pbatitude.com\/"},{"@type":"ListItem","position":2,"name":"ACCUEIL","item":"https:\/\/pbatitude.com\/"},{"@type":"ListItem","position":3,"name":"ETUDES DE CAS EN PSYCHO-BIO-ACUPRESSURE","item":"https:\/\/pbatitude.com\/index.php\/accueil\/etudes-cas-psycho-bio-acupressure\/"},{"@type":"ListItem","position":4,"name":"TEMOIGNAGES CONSULTANTS EN PSYCHO-BIO-ACUPRESSURE","item":"https:\/\/pbatitude.com\/index.php\/accueil\/etudes-cas-psycho-bio-acupressure\/temoignages-consultants-psycho-bio-acupressure\/"},{"@type":"ListItem","position":5,"name":"Autres t\u00e9moignages sur la PBA"}]},{"@type":"WebSite","@id":"https:\/\/pbatitude.com\/#website","url":"https:\/\/pbatitude.com\/","name":"PBAtitude","description":"A la rencontre de votre nature profonde","potentialAction":[{"@type":"SearchAction","target":{"@type":"EntryPoint","urlTemplate":"https:\/\/pbatitude.com\/?s={search_term_string}"},"query-input":{"@type":"PropertyValueSpecification","valueRequired":true,"valueName":"search_term_string"}}],"inLanguage":"fr-FR"}]}},"_links":{"self":[{"href":"https:\/\/pbatitude.com\/index.php\/wp-json\/wp\/v2\/pages\/677","targetHints":{"allow":["GET"]}}],"collection":[{"href":"https:\/\/pbatitude.com\/index.php\/wp-json\/wp\/v2\/pages"}],"about":[{"href":"https:\/\/pbatitude.com\/index.php\/wp-json\/wp\/v2\/types\/page"}],"author":[{"embeddable":true,"href":"https:\/\/pbatitude.com\/index.php\/wp-json\/wp\/v2\/users\/1"}],"replies":[{"embeddable":true,"href":"https:\/\/pbatitude.com\/index.php\/wp-json\/wp\/v2\/comments?post=677"}],"version-history":[{"count":5,"href":"https:\/\/pbatitude.com\/index.php\/wp-json\/wp\/v2\/pages\/677\/revisions"}],"predecessor-version":[{"id":1322,"href":"https:\/\/pbatitude.com\/index.php\/wp-json\/wp\/v2\/pages\/677\/revisions\/1322"}],"up":[{"embeddable":true,"href":"https:\/\/pbatitude.com\/index.php\/wp-json\/wp\/v2\/pages\/682"}],"wp:attachment":[{"href":"https:\/\/pbatitude.com\/index.php\/wp-json\/wp\/v2\/media?parent=677"}],"curies":[{"name":"wp","href":"https:\/\/api.w.org\/{rel}","templated":true}]}}