{"id":548,"date":"2022-04-12T19:14:48","date_gmt":"2022-04-12T17:14:48","guid":{"rendered":"https:\/\/pbatitude.com\/?page_id=548"},"modified":"2025-03-05T15:35:06","modified_gmt":"2025-03-05T14:35:06","slug":"seances-pba-remboursees-mutuelles-sante","status":"publish","type":"page","link":"https:\/\/pbatitude.com\/index.php\/accueil\/faq-pba-et-claire-droin\/seances-pba-remboursees-mutuelles-sante\/","title":{"rendered":"Les s\u00e9ances de PBA sont-elles rembours\u00e9es par les mutuelles de sant\u00e9 ?"},"content":{"rendered":"\n<p>Si je fais une s\u00e9ance de PBA, serai-je rembours\u00e9 par ma compl\u00e9mentaire sant\u00e9 ? Voici la r\u00e9ponse \u00e0 votre question.<\/p>\n\n\n\n<figure class=\"wp-block-image size-large\"><img loading=\"lazy\" decoding=\"async\" width=\"1024\" height=\"683\" src=\"https:\/\/pbatitude.com\/wp-content\/uploads\/2022\/04\/patty-brito-Y-3Dt0us7e0-unsplash-1024x683.jpg\" alt=\"Mutuelles, compl\u00e9mentaires, PBA, remboursement\" class=\"wp-image-549\" srcset=\"https:\/\/pbatitude.com\/wp-content\/uploads\/2022\/04\/patty-brito-Y-3Dt0us7e0-unsplash-1024x683.jpg 1024w, https:\/\/pbatitude.com\/wp-content\/uploads\/2022\/04\/patty-brito-Y-3Dt0us7e0-unsplash-300x200.jpg 300w, https:\/\/pbatitude.com\/wp-content\/uploads\/2022\/04\/patty-brito-Y-3Dt0us7e0-unsplash-768x512.jpg 768w, https:\/\/pbatitude.com\/wp-content\/uploads\/2022\/04\/patty-brito-Y-3Dt0us7e0-unsplash-1536x1024.jpg 1536w, https:\/\/pbatitude.com\/wp-content\/uploads\/2022\/04\/patty-brito-Y-3Dt0us7e0-unsplash-2048x1365.jpg 2048w, https:\/\/pbatitude.com\/wp-content\/uploads\/2022\/04\/patty-brito-Y-3Dt0us7e0-unsplash-1600x1067.jpg 1600w, https:\/\/pbatitude.com\/wp-content\/uploads\/2022\/04\/patty-brito-Y-3Dt0us7e0-unsplash-780x520.jpg 780w\" sizes=\"auto, (max-width: 1024px) 100vw, 1024px\" \/><\/figure>\n\n\n\n<h2 class=\"wp-block-heading\">L\u2019int\u00e9r\u00eat croissant des mutuelles sant\u00e9<\/h2>\n\n\n\n<p>Les mutuelles et compl\u00e9mentaires sant\u00e9 s\u2019int\u00e9ressent aux m\u00e9decines douces et aux pratiques de bien-\u00eatre (dont la PBA fait partie) car la demande pour ce type de traitement connait une forte hausse ces derni\u00e8res ann\u00e9es. Ces organismes y voient aussi une mani\u00e8re de pr\u00e9venir le d\u00e9veloppement de pathologies graves et donc de r\u00e9duire les co\u00fbts importants li\u00e9s \u00e0 leur remboursement.<\/p>\n\n\n\n<h2 class=\"wp-block-heading\">Un remboursement en fonction de votre contrat<\/h2>\n\n\n\n<p>De nombreuses mutuelles et compl\u00e9mentaires proposent donc des contrats avec une garantie sp\u00e9cifique et une couverture des actes de m\u00e9decines douces (A\u00e9sio, Apicil, Generali, Groupama, Humanis, Macif&#8230;) Ces formules, ax\u00e9es sur la pr\u00e9vention des maladies, proposent le remboursement de prestations de pratiques douces comme la PBA. Leur prise en charge s\u2019exprime alors le plus souvent en forfait annuel en euros, ou en nombre de consultations par p\u00e9riode.&nbsp;<\/p>\n\n\n\n<h2 class=\"wp-block-heading\">Renseignez-vous aupr\u00e8s de votre mutuelle ou de votre compl\u00e9mentaire<\/h2>\n\n\n\n<p>Renseignez-vous sur les garanties qu\u2019offre le contrat auquel vous avez souscrit aupr\u00e8s de votre mutuelle ou de votre compl\u00e9mentaire sant\u00e9. La PBA est peut-\u00eatre \u00e9ligible et vous pourrez alors b\u00e9n\u00e9ficier d\u2019un remboursement !<\/p>\n\n\n\n<h2 class=\"wp-block-heading\">Autres questions, autres r\u00e9ponses :<\/h2>\n\n\n\n<ul class=\"wp-block-list\">\n<li><a href=\"https:\/\/pbatitude.com\/index.php\/accueil\/faq-pba-et-claire-droin\/tarifs-seance-psycho-bio-acupressure\/\">Quels sont les tarifs pour une s\u00e9ance de Psycho-Bio-Acupressure avec Claire Droin ?<\/a><\/li>\n\n\n\n<li><a href=\"https:\/\/pbatitude.com\/index.php\/accueil\/faq-pba-et-claire-droin\/seances-pba-remboursees-securite-sociale\/\">Les s\u00e9ances de PBA sont-elles rembours\u00e9es par l\u2019assurance maladie ?<\/a><\/li>\n\n\n\n<li><a href=\"https:\/\/pbatitude.com\/index.php\/accueil\/faq-pba-et-claire-droin\/quels-resultats-pba\/\">A quels r\u00e9sultats peut-on s&rsquo;attendre avec la PBA ?\u00a0<\/a><\/li>\n<\/ul>\n\n\n\n<p><\/p>\n","protected":false},"excerpt":{"rendered":"<p>Si je fais une s\u00e9ance de PBA, serai-je rembours\u00e9 par ma compl\u00e9mentaire sant\u00e9 ? Voici la r\u00e9ponse \u00e0 votre question. L\u2019int\u00e9r\u00eat croissant des mutuelles sant\u00e9 Les mutuelles et compl\u00e9mentaires sant\u00e9 s\u2019int\u00e9ressent aux m\u00e9decines douces et aux pratiques de bien-\u00eatre (dont la PBA fait partie) car la demande pour ce type de traitement connait une forte &hellip;<\/p>\n","protected":false},"author":1,"featured_media":0,"parent":568,"menu_order":3,"comment_status":"closed","ping_status":"closed","template":"","meta":{"footnotes":""},"class_list":["post-548","page","type-page","status-publish","hentry","entry entry-center"],"yoast_head":"<!-- This site is optimized with the Yoast SEO plugin v27.4 - https:\/\/yoast.com\/product\/yoast-seo-wordpress\/ -->\n<title>Les s\u00e9ances de PBA sont-elles rembours\u00e9es par les mutuelles de sant\u00e9 ? - PBAtitude<\/title>\n<meta name=\"description\" content=\"Questions r\u00e9ponses FAQ PBA Mutuelles compl\u00e9mentaires remboursement\" \/>\n<meta name=\"robots\" content=\"index, follow, max-snippet:-1, max-image-preview:large, max-video-preview:-1\" \/>\n<link rel=\"canonical\" href=\"https:\/\/pbatitude.com\/index.php\/accueil\/faq-pba-et-claire-droin\/seances-pba-remboursees-mutuelles-sante\/\" \/>\n<meta property=\"og:locale\" content=\"fr_FR\" \/>\n<meta property=\"og:type\" content=\"article\" \/>\n<meta property=\"og:title\" content=\"Les s\u00e9ances de PBA sont-elles rembours\u00e9es par les mutuelles de sant\u00e9 ? - PBAtitude\" \/>\n<meta property=\"og:description\" content=\"Questions r\u00e9ponses FAQ PBA Mutuelles compl\u00e9mentaires remboursement\" \/>\n<meta property=\"og:url\" content=\"https:\/\/pbatitude.com\/index.php\/accueil\/faq-pba-et-claire-droin\/seances-pba-remboursees-mutuelles-sante\/\" \/>\n<meta property=\"og:site_name\" content=\"PBAtitude\" \/>\n<meta property=\"article:modified_time\" content=\"2025-03-05T14:35:06+00:00\" \/>\n<meta property=\"og:image\" content=\"https:\/\/pbatitude.com\/wp-content\/uploads\/2022\/04\/patty-brito-Y-3Dt0us7e0-unsplash-1024x683.jpg\" \/>\n<meta name=\"twitter:card\" content=\"summary_large_image\" \/>\n<meta name=\"twitter:label1\" content=\"Dur\u00e9e de lecture estim\u00e9e\" \/>\n\t<meta name=\"twitter:data1\" content=\"2 minutes\" \/>\n<script type=\"application\/ld+json\" class=\"yoast-schema-graph\">{\"@context\":\"https:\\\/\\\/schema.org\",\"@graph\":[{\"@type\":[\"WebPage\",\"QAPage\"],\"@id\":\"https:\\\/\\\/pbatitude.com\\\/index.php\\\/accueil\\\/faq-pba-et-claire-droin\\\/seances-pba-remboursees-mutuelles-sante\\\/\",\"url\":\"https:\\\/\\\/pbatitude.com\\\/index.php\\\/accueil\\\/faq-pba-et-claire-droin\\\/seances-pba-remboursees-mutuelles-sante\\\/\",\"name\":\"Les s\u00e9ances de PBA sont-elles rembours\u00e9es par les mutuelles de sant\u00e9 ? - PBAtitude\",\"isPartOf\":{\"@id\":\"https:\\\/\\\/pbatitude.com\\\/#website\"},\"primaryImageOfPage\":{\"@id\":\"https:\\\/\\\/pbatitude.com\\\/index.php\\\/accueil\\\/faq-pba-et-claire-droin\\\/seances-pba-remboursees-mutuelles-sante\\\/#primaryimage\"},\"image\":{\"@id\":\"https:\\\/\\\/pbatitude.com\\\/index.php\\\/accueil\\\/faq-pba-et-claire-droin\\\/seances-pba-remboursees-mutuelles-sante\\\/#primaryimage\"},\"thumbnailUrl\":\"https:\\\/\\\/pbatitude.com\\\/wp-content\\\/uploads\\\/2022\\\/04\\\/patty-brito-Y-3Dt0us7e0-unsplash-1024x683.jpg\",\"datePublished\":\"2022-04-12T17:14:48+00:00\",\"dateModified\":\"2025-03-05T14:35:06+00:00\",\"description\":\"Questions r\u00e9ponses FAQ PBA Mutuelles compl\u00e9mentaires remboursement\",\"breadcrumb\":{\"@id\":\"https:\\\/\\\/pbatitude.com\\\/index.php\\\/accueil\\\/faq-pba-et-claire-droin\\\/seances-pba-remboursees-mutuelles-sante\\\/#breadcrumb\"},\"inLanguage\":\"fr-FR\",\"potentialAction\":[{\"@type\":\"ReadAction\",\"target\":[\"https:\\\/\\\/pbatitude.com\\\/index.php\\\/accueil\\\/faq-pba-et-claire-droin\\\/seances-pba-remboursees-mutuelles-sante\\\/\"]}]},{\"@type\":\"ImageObject\",\"inLanguage\":\"fr-FR\",\"@id\":\"https:\\\/\\\/pbatitude.com\\\/index.php\\\/accueil\\\/faq-pba-et-claire-droin\\\/seances-pba-remboursees-mutuelles-sante\\\/#primaryimage\",\"url\":\"https:\\\/\\\/pbatitude.com\\\/wp-content\\\/uploads\\\/2022\\\/04\\\/patty-brito-Y-3Dt0us7e0-unsplash-scaled.jpg\",\"contentUrl\":\"https:\\\/\\\/pbatitude.com\\\/wp-content\\\/uploads\\\/2022\\\/04\\\/patty-brito-Y-3Dt0us7e0-unsplash-scaled.jpg\",\"width\":2560,\"height\":1706},{\"@type\":\"BreadcrumbList\",\"@id\":\"https:\\\/\\\/pbatitude.com\\\/index.php\\\/accueil\\\/faq-pba-et-claire-droin\\\/seances-pba-remboursees-mutuelles-sante\\\/#breadcrumb\",\"itemListElement\":[{\"@type\":\"ListItem\",\"position\":1,\"name\":\"Accueil\",\"item\":\"https:\\\/\\\/pbatitude.com\\\/\"},{\"@type\":\"ListItem\",\"position\":2,\"name\":\"ACCUEIL\",\"item\":\"https:\\\/\\\/pbatitude.com\\\/\"},{\"@type\":\"ListItem\",\"position\":3,\"name\":\"QUESTIONS FREQUENTES SUR LA PBA ET CLAIRE DROIN\",\"item\":\"https:\\\/\\\/pbatitude.com\\\/index.php\\\/accueil\\\/faq-pba-et-claire-droin\\\/\"},{\"@type\":\"ListItem\",\"position\":4,\"name\":\"Les s\u00e9ances de PBA sont-elles rembours\u00e9es par les mutuelles de sant\u00e9 ?\"}]},{\"@type\":\"WebSite\",\"@id\":\"https:\\\/\\\/pbatitude.com\\\/#website\",\"url\":\"https:\\\/\\\/pbatitude.com\\\/\",\"name\":\"PBAtitude\",\"description\":\"A la rencontre de votre nature profonde\",\"potentialAction\":[{\"@type\":\"SearchAction\",\"target\":{\"@type\":\"EntryPoint\",\"urlTemplate\":\"https:\\\/\\\/pbatitude.com\\\/?s={search_term_string}\"},\"query-input\":{\"@type\":\"PropertyValueSpecification\",\"valueRequired\":true,\"valueName\":\"search_term_string\"}}],\"inLanguage\":\"fr-FR\"}]}<\/script>\n<!-- \/ Yoast SEO plugin. -->","yoast_head_json":{"title":"Les s\u00e9ances de PBA sont-elles rembours\u00e9es par les mutuelles de sant\u00e9 ? - PBAtitude","description":"Questions r\u00e9ponses FAQ PBA Mutuelles compl\u00e9mentaires remboursement","robots":{"index":"index","follow":"follow","max-snippet":"max-snippet:-1","max-image-preview":"max-image-preview:large","max-video-preview":"max-video-preview:-1"},"canonical":"https:\/\/pbatitude.com\/index.php\/accueil\/faq-pba-et-claire-droin\/seances-pba-remboursees-mutuelles-sante\/","og_locale":"fr_FR","og_type":"article","og_title":"Les s\u00e9ances de PBA sont-elles rembours\u00e9es par les mutuelles de sant\u00e9 ? - PBAtitude","og_description":"Questions r\u00e9ponses FAQ PBA Mutuelles compl\u00e9mentaires remboursement","og_url":"https:\/\/pbatitude.com\/index.php\/accueil\/faq-pba-et-claire-droin\/seances-pba-remboursees-mutuelles-sante\/","og_site_name":"PBAtitude","article_modified_time":"2025-03-05T14:35:06+00:00","og_image":[{"url":"https:\/\/pbatitude.com\/wp-content\/uploads\/2022\/04\/patty-brito-Y-3Dt0us7e0-unsplash-1024x683.jpg","type":"","width":"","height":""}],"twitter_card":"summary_large_image","twitter_misc":{"Dur\u00e9e de lecture estim\u00e9e":"2 minutes"},"schema":{"@context":"https:\/\/schema.org","@graph":[{"@type":["WebPage","QAPage"],"@id":"https:\/\/pbatitude.com\/index.php\/accueil\/faq-pba-et-claire-droin\/seances-pba-remboursees-mutuelles-sante\/","url":"https:\/\/pbatitude.com\/index.php\/accueil\/faq-pba-et-claire-droin\/seances-pba-remboursees-mutuelles-sante\/","name":"Les s\u00e9ances de PBA sont-elles rembours\u00e9es par les mutuelles de sant\u00e9 ? - PBAtitude","isPartOf":{"@id":"https:\/\/pbatitude.com\/#website"},"primaryImageOfPage":{"@id":"https:\/\/pbatitude.com\/index.php\/accueil\/faq-pba-et-claire-droin\/seances-pba-remboursees-mutuelles-sante\/#primaryimage"},"image":{"@id":"https:\/\/pbatitude.com\/index.php\/accueil\/faq-pba-et-claire-droin\/seances-pba-remboursees-mutuelles-sante\/#primaryimage"},"thumbnailUrl":"https:\/\/pbatitude.com\/wp-content\/uploads\/2022\/04\/patty-brito-Y-3Dt0us7e0-unsplash-1024x683.jpg","datePublished":"2022-04-12T17:14:48+00:00","dateModified":"2025-03-05T14:35:06+00:00","description":"Questions r\u00e9ponses FAQ PBA Mutuelles compl\u00e9mentaires remboursement","breadcrumb":{"@id":"https:\/\/pbatitude.com\/index.php\/accueil\/faq-pba-et-claire-droin\/seances-pba-remboursees-mutuelles-sante\/#breadcrumb"},"inLanguage":"fr-FR","potentialAction":[{"@type":"ReadAction","target":["https:\/\/pbatitude.com\/index.php\/accueil\/faq-pba-et-claire-droin\/seances-pba-remboursees-mutuelles-sante\/"]}]},{"@type":"ImageObject","inLanguage":"fr-FR","@id":"https:\/\/pbatitude.com\/index.php\/accueil\/faq-pba-et-claire-droin\/seances-pba-remboursees-mutuelles-sante\/#primaryimage","url":"https:\/\/pbatitude.com\/wp-content\/uploads\/2022\/04\/patty-brito-Y-3Dt0us7e0-unsplash-scaled.jpg","contentUrl":"https:\/\/pbatitude.com\/wp-content\/uploads\/2022\/04\/patty-brito-Y-3Dt0us7e0-unsplash-scaled.jpg","width":2560,"height":1706},{"@type":"BreadcrumbList","@id":"https:\/\/pbatitude.com\/index.php\/accueil\/faq-pba-et-claire-droin\/seances-pba-remboursees-mutuelles-sante\/#breadcrumb","itemListElement":[{"@type":"ListItem","position":1,"name":"Accueil","item":"https:\/\/pbatitude.com\/"},{"@type":"ListItem","position":2,"name":"ACCUEIL","item":"https:\/\/pbatitude.com\/"},{"@type":"ListItem","position":3,"name":"QUESTIONS FREQUENTES SUR LA PBA ET CLAIRE DROIN","item":"https:\/\/pbatitude.com\/index.php\/accueil\/faq-pba-et-claire-droin\/"},{"@type":"ListItem","position":4,"name":"Les s\u00e9ances de PBA sont-elles rembours\u00e9es par les mutuelles de sant\u00e9 ?"}]},{"@type":"WebSite","@id":"https:\/\/pbatitude.com\/#website","url":"https:\/\/pbatitude.com\/","name":"PBAtitude","description":"A la rencontre de votre nature profonde","potentialAction":[{"@type":"SearchAction","target":{"@type":"EntryPoint","urlTemplate":"https:\/\/pbatitude.com\/?s={search_term_string}"},"query-input":{"@type":"PropertyValueSpecification","valueRequired":true,"valueName":"search_term_string"}}],"inLanguage":"fr-FR"}]}},"_links":{"self":[{"href":"https:\/\/pbatitude.com\/index.php\/wp-json\/wp\/v2\/pages\/548","targetHints":{"allow":["GET"]}}],"collection":[{"href":"https:\/\/pbatitude.com\/index.php\/wp-json\/wp\/v2\/pages"}],"about":[{"href":"https:\/\/pbatitude.com\/index.php\/wp-json\/wp\/v2\/types\/page"}],"author":[{"embeddable":true,"href":"https:\/\/pbatitude.com\/index.php\/wp-json\/wp\/v2\/users\/1"}],"replies":[{"embeddable":true,"href":"https:\/\/pbatitude.com\/index.php\/wp-json\/wp\/v2\/comments?post=548"}],"version-history":[{"count":10,"href":"https:\/\/pbatitude.com\/index.php\/wp-json\/wp\/v2\/pages\/548\/revisions"}],"predecessor-version":[{"id":1243,"href":"https:\/\/pbatitude.com\/index.php\/wp-json\/wp\/v2\/pages\/548\/revisions\/1243"}],"up":[{"embeddable":true,"href":"https:\/\/pbatitude.com\/index.php\/wp-json\/wp\/v2\/pages\/568"}],"wp:attachment":[{"href":"https:\/\/pbatitude.com\/index.php\/wp-json\/wp\/v2\/media?parent=548"}],"curies":[{"name":"wp","href":"https:\/\/api.w.org\/{rel}","templated":true}]}}