{"id":497,"date":"2022-04-12T17:31:14","date_gmt":"2022-04-12T15:31:14","guid":{"rendered":"https:\/\/pbatitude.com\/?page_id=497"},"modified":"2025-03-05T15:01:27","modified_gmt":"2025-03-05T14:01:27","slug":"comment-se-rendre-cabinet-pbatitude","status":"publish","type":"page","link":"https:\/\/pbatitude.com\/index.php\/accueil\/cabinet-pbatitude\/comment-se-rendre-cabinet-pbatitude\/","title":{"rendered":"Comment se rendre au cabinet PBAtitude ?"},"content":{"rendered":"\n<p>Retrouvez l&rsquo;adresse du cabinet PBAtitude de Claire Droin \u00e0 Villefranche-sur-Sa\u00f4ne. Trouvez un plan d&rsquo;acc\u00e8s, un itin\u00e9raire. Toutes les informations pratiques pour vous rendre au cabinet se trouvent ici.<\/p>\n\n\n\n<h2 class=\"wp-block-heading\">Adresse<\/h2>\n\n\n\n<p><strong><a href=\"https:\/\/pbatitude.com\/index.php\/claire-droin\/\" target=\"_blank\" rel=\"noreferrer noopener\">Claire DROIN<\/a><\/strong><br>Cabinet PBAtitude<br>90, route de Frans<br>69400 VILLEFRANCHE-SUR-SA\u00d4NE<\/p>\n\n\n\n<h2 class=\"wp-block-heading\">Plan<\/h2>\n\n\n\n<figure><iframe loading=\"lazy\" src=\"https:\/\/www.google.com\/maps\/embed?pb=!1m18!1m12!1m3!1d2772.2717186405175!2d4.720975714733484!3d45.98580377911054!2m3!1f0!2f0!3f0!3m2!1i1024!2i768!4f13.1!3m3!1m2!1s0x47f4853b0caec7c1%3A0x4f3640398b9e6210!2s90%20Route%20de%20Frans%2C%2069400%20Villefranche-sur-Sa%C3%B4ne!5e0!3m2!1sfr!2sfr!4v1598542967133!5m2!1sfr!2sfr\" width=\"600\" height=\"450\" frameborder=\"0\" style=\"border:0;\" allowfullscreen=\"\" aria-hidden=\"false\" tabindex=\"0\"><\/iframe><\/figure>\n\n\n\n<h2 class=\"wp-block-heading\">Situation<\/h2>\n\n\n\n<p>Situ\u00e9 en r\u00e9gion Auvergne, Rh\u00f4ne-Alpes, au c\u0153ur du beaujolais, le cabinet PBAtitude est situ\u00e9 \u00e0 Villefranche-sur-Sa\u00f4ne et donc \u00e0 proximit\u00e9 des personnes r\u00e9sidant dans les d\u00e9partements du Rh\u00f4ne et de l\u2019Ain.<\/p>\n\n\n\n<figure class=\"wp-block-image size-large\"><img loading=\"lazy\" decoding=\"async\" width=\"1024\" height=\"778\" src=\"https:\/\/pbatitude.com\/wp-content\/uploads\/2022\/05\/Bureaux-1024x778.jpg\" alt=\"PBAtitude, Cabinet\" class=\"wp-image-887\" srcset=\"https:\/\/pbatitude.com\/wp-content\/uploads\/2022\/05\/Bureaux-1024x778.jpg 1024w, https:\/\/pbatitude.com\/wp-content\/uploads\/2022\/05\/Bureaux-300x228.jpg 300w, https:\/\/pbatitude.com\/wp-content\/uploads\/2022\/05\/Bureaux-768x584.jpg 768w, https:\/\/pbatitude.com\/wp-content\/uploads\/2022\/05\/Bureaux-1536x1167.jpg 1536w, https:\/\/pbatitude.com\/wp-content\/uploads\/2022\/05\/Bureaux-2048x1557.jpg 2048w, https:\/\/pbatitude.com\/wp-content\/uploads\/2022\/05\/Bureaux-1600x1216.jpg 1600w, https:\/\/pbatitude.com\/wp-content\/uploads\/2022\/05\/Bureaux-780x593.jpg 780w\" sizes=\"auto, (max-width: 1024px) 100vw, 1024px\" \/><\/figure>\n\n\n\n<h2 class=\"wp-block-heading\">Acc\u00e8s PMR<\/h2>\n\n\n\n<p>Le cabinet est au 3\u00e8me \u00e9tage avec ascenseur et est accessible aux personnes \u00e0 mobilit\u00e9 r\u00e9duite (PMR).<\/p>\n\n\n\n<h2 class=\"wp-block-heading\">Comment se rendre au cabinet ?<\/h2>\n\n\n\n<p>Le cabinet PBAtitude de Villefranche-sur-Sa\u00f4ne est situ\u00e9 sur les axes Lyon-M\u00e2con et Tarare-Bourg-en-Bresse. <\/p>\n\n\n\n<p>En voiture : A&nbsp;5 minutes de la sortie d\u2019autoroute A6 Villefranche-sur-Sa\u00f4ne centre\/Jassans-Riottier. Parc de stationnement gratuit Frans-Lamartine situ\u00e9 43, route de Frans 69400 VILLEFRANCHE-SUR-SA\u00d4NE<\/p>\n\n\n\n<p>En train ou en bus : A deux pas de de la gare SNCF et de la&nbsp; gare routi\u00e8re de Villefranche-sur-Sa\u00f4ne<\/p>\n\n\n\n<p>En v\u00e9lo : 14 consignes individuelles s\u00e9curis\u00e9es sont disponibles \u00e0 la gare de Villefranche-sur-Sa\u00f4ne \u00e0 son entr\u00e9e route de Riottier, en face du SIP (Service des Imp\u00f4ts des Particuliers).<\/p>\n\n\n\n<figure class=\"wp-block-image size-large\"><img loading=\"lazy\" decoding=\"async\" width=\"1024\" height=\"576\" src=\"https:\/\/pbatitude.com\/wp-content\/uploads\/2024\/05\/Consignes-Velo-1024x576.jpg\" alt=\"\" class=\"wp-image-1155\" srcset=\"https:\/\/pbatitude.com\/wp-content\/uploads\/2024\/05\/Consignes-Velo-1024x576.jpg 1024w, https:\/\/pbatitude.com\/wp-content\/uploads\/2024\/05\/Consignes-Velo-300x169.jpg 300w, https:\/\/pbatitude.com\/wp-content\/uploads\/2024\/05\/Consignes-Velo-768x432.jpg 768w, https:\/\/pbatitude.com\/wp-content\/uploads\/2024\/05\/Consignes-Velo-1536x864.jpg 1536w, https:\/\/pbatitude.com\/wp-content\/uploads\/2024\/05\/Consignes-Velo-2048x1152.jpg 2048w, https:\/\/pbatitude.com\/wp-content\/uploads\/2024\/05\/Consignes-Velo-1600x900.jpg 1600w, https:\/\/pbatitude.com\/wp-content\/uploads\/2024\/05\/Consignes-Velo-780x439.jpg 780w\" sizes=\"auto, (max-width: 1024px) 100vw, 1024px\" \/><\/figure>\n\n\n\n<p><\/p>\n\n\n\n<h2 class=\"wp-block-heading\">Voir aussi :<\/h2>\n\n\n\n<ul class=\"wp-block-list\">\n<li><a href=\"https:\/\/pbatitude.com\/index.php\/accueil\/cabinet-pbatitude\/comment-prendre-rendez-vous-pbatitude\/\">Comment prendre rendez-vous \u00e0 PBAtitude ?<\/a><\/li>\n\n\n\n<li><a href=\"https:\/\/pbatitude.com\/index.php\/accueil\/cabinet-pbatitude\/regler-consultation-cb-cheque-especes\/\">R\u00e9gler la consultation par CB, ch\u00e8que ou esp\u00e8ces<\/a><\/li>\n<\/ul>\n\n\n\n<h2 class=\"wp-block-heading\"><mark style=\"background-color:rgba(0, 0, 0, 0)\" class=\"has-inline-color has-white-color\">Les clients de PBAtitude viennent de :<\/mark><mark style=\"background-color:rgba(0, 0, 0, 0)\" class=\"has-inline-color has-black-color\"> <\/mark><\/h2>\n\n\n\n<p><mark style=\"background-color:rgba(0, 0, 0, 0)\" class=\"has-inline-color has-white-color\">Premi\u00e8rement, on trouve <strong>AMBERIEUX D AZERGUES ; AMPLEPUIS ; ANSE <\/strong>et<strong>  ARNAS <\/strong>et aussi <strong> ARS-SUR-FORMANS. <\/strong> Deuxi\u00e8mement, il y a  <strong>BAGNOLS ; BEAUJEU ; BEAUREGARD <\/strong>et des petites villes comme <strong>BELLEVILLE ; BELLEVILLE-EN-BEAUJOLAIS ; BELMONT D&rsquo;AZERGUES. <\/strong><\/mark><\/p>\n\n\n\n<p><mark style=\"background-color:rgba(0, 0, 0, 0)\" class=\"has-inline-color has-white-color\">Viennent ensuite<strong> BEYNOST ; BIBOST ; BIRIEUX <\/strong>et <strong> BLACE ; BONSON <\/strong>ou<strong>  BRON<\/strong> ou encore<strong> BULLY.  <\/strong>Troisi\u00e8mement, on retrouve, <strong>CALUIRE-ET-CUIRE ; CHALAMONT <\/strong>et <strong> CHALEINS <\/strong>. Par exemple, certains clients viennent de<strong> CHAMBOST-ALLIERES <\/strong>ou de<strong> CHAPONOST ;<\/strong> mais aussi fr\u00e9quemment de <strong>CHARNAY ; CHASSELAY  <\/strong>ou <strong>CHATILLON-SUR-CHALARONNE. <\/strong>Ou encore, <strong>CHAZAY ; CHENAS ; CHESSY ; CHISSEY-LES-MACON et CIVRIEUX <\/strong>et enfin <strong>COGNY.<\/strong> On trouve ensuite <strong>COUZON-AU-MONT-D&rsquo;OR ; CRAPONNE ; DARDILLY <\/strong>ou <strong>DENICE <\/strong>par exemple.<strong> ECULLY ; EMERINGES ; FARAMANS<\/strong>.<\/mark><\/p>\n\n\n\n<p><mark style=\"background-color:rgba(0, 0, 0, 0)\" class=\"has-inline-color has-white-color\">Viennent ensuite ainsi que<strong> FAREINS ; FLEURIE ; FOND D&rsquo;ARBUISSONNAS. <\/strong>Puis <strong>FOUR ; FRANS ; FRONTENAS ; GENAY ; GENLIS ; GENOUILLEUX ; GLEIZE ; GRANDRIS ; GREZIEU LA VARENNE ; GUEREINS. <\/strong>Et par la suite<strong> HURIGNY ; JARNIOUX ; JASSANS-RIOTTIER ; LA CHAPELLE DE GUINCHAY <\/strong>et derni\u00e8rement<strong> LA TOUR DE SALVAGNY<\/strong><\/mark><\/p>\n\n\n\n<p><mark style=\"background-color:rgba(0, 0, 0, 0)\" class=\"has-inline-color has-white-color\">Nous avons encore<strong> LACENAS ; LACHASSAGNE ; LAMURE-SUR-AZERGUES ; LARAJASSE ; L&rsquo;ARBRESLE ; LE BOIS D&rsquo;OINGT ; LE COTEAU ; LE PERREON ; LEGNY. <\/strong>Et aussi de<strong> LENTILLY; LES CHERES ; LES OLMES ; LES SAUVAGES . <\/strong>Et de <strong>LETRA ; LIERGUES ; LIMAS ; LIMONEST.  <\/strong>Enfin, les clients logent sur <strong>LISSIEU ; LONGESSAIGNE ; LOZANNE ; LUCENAY ; LURCY <\/strong>et finalement<strong> LYON.<\/strong><\/mark><\/p>\n\n\n\n<h2 class=\"wp-block-heading\"><mark style=\"background-color:rgba(0, 0, 0, 0)\" class=\"has-inline-color has-white-color\">Et ils viennent aussi de :<\/mark><\/h2>\n\n\n\n<p><mark style=\"background-color:rgba(0, 0, 0, 0)\" class=\"has-inline-color has-white-color\">Tout d&rsquo;abord il y a <strong>MABLY ; MACON ; MARCY ; MEYZIEU ; , et  MISERIEUX ; MONTAGNAT. Mais aussi, MONTANAY ;  en font partie aussi . Viennent ensuite,  MONTMERLE-SUR-SAONE ; MORANCE ; NANTUA ;  et NEUVILLE-SUR-SAONE. Puis, pas tr\u00e8s loin, on trouve NIEVROZ ; . Par la suite, arrivent ODENAS ; OINGT ; OULLINS et . Ainsi que PARCIEUX ; POLLIONNAY ; POMMIERS ; PONCHARRA-SUR-TURDINE. Il y a par la suite POUILLY-LE-MONIAL ; POUILLY-LES-NONAINS ; POULE-LES-ECHARMEAUX. Comme on retrouve PRADINES ; PRUZILLY  et QUINCIEUX ; RANCE. Et enfin, en dernie<\/strong>r. <\/mark><\/p>\n\n\n\n<h2 class=\"wp-block-heading\"><mark style=\"background-color:rgba(0, 0, 0, 0)\" class=\"has-inline-color has-white-color\">On trouve encore : <\/mark><\/h2>\n\n\n\n<p><mark style=\"background-color:rgba(0, 0, 0, 0)\" class=\"has-inline-color has-white-color\">Au premier rang, les villages environnant tels <strong>REGNIE-DURETTE ; REYRIEUX ; RIORGES ; RIVOLET ; ROANNE ; ROCHETOIRIN ; ROISEY <\/strong>et <strong> RONNO. <\/strong>Par exemple, on trouve,<strong> SAINT ANDRE DE CORCY ;  SAINT SYMPHORIEN DE LAY ; SAINT-DIDIER-AU-MONT-D&rsquo;OR  <\/strong>aussi. Puis, il y a des villages comme <strong>SAINT-DIDIER-DE-FORMANS ; SAINT-DIDIER-SUR-BEAUJEU ; <\/strong>ainsi que <strong>SAINT-DIDIER-SUR-CHALARONNE ; SAINTE EUPHEMIE ; SAINTE-FOY-L&rsquo;ARGENTIERE.  <\/strong>Par ailleurs, on retrouve <strong>SAINTE-FOY-LES-LYON ; SAINTE-PAULE ; SAINT-ETIENNE-LES-OULLIERES<\/strong>. Et encore <strong>SAINT-ETIENNE-SUR-CHALARONNE ; SAINT-GENIS-LAVAL . <\/strong><\/mark><\/p>\n\n\n\n<h2 class=\"wp-block-heading\"><mark style=\"background-color:rgba(0, 0, 0, 0)\" class=\"has-inline-color has-white-color\">Il y a aussi :<strong> <\/strong><\/mark><\/h2>\n\n\n\n<p><mark style=\"background-color:rgba(0, 0, 0, 0)\" class=\"has-inline-color has-white-color\">Des petites villes comme <strong>SAINT-GERMAIN-AU-MONT-D&rsquo;OR ,<\/strong> et on trouve aussi<strong> SAINT-GERMAIN-NUELLES ; SAINT-JULIEN-EN-GENEVOIS ; SAINT-JULIEN-SUR-BIBOST ; SAINT-JUST-D&rsquo;AVRAY<\/strong> et<strong>  SAINT-PIERRE-LA-PALUD . n&rsquo;oublions pas. SAINT-PRIEST ; SAINT-ROMAIN-DE-POPEY ; SAINT-SYMPHORIEN SUR COISE ; <\/strong>Sans oublier aussi<strong> SAINT-V\u00c9RAND ; SARCEY  <\/strong>ou encore<strong> SAVIGNEUX ; SONTHONNAX-LA-MONTAGNE. <\/strong>Et aussi<strong> ST LAURENT D&rsquo;OINGT ; TALUYERS ; TARARE . <\/strong>Vous trouverez non loin de l\u00e0<strong> TASSIN-LA-DEMI-LUNE ; THEIZ\u00c9  <\/strong>et <strong>THIL. <\/strong>Mais aussi <strong>THIZY ; THOISSEY,  <\/strong>ou<strong> TRAMOYES <\/strong>et<strong> TR\u00c9VOUX, <\/strong>ou encore<strong> VAULX-EN-VELIN ; VAUX EN BEAUJOLAIS ; VERZE ; VILLEFONTAINE ; VILLEFRANCHE\/SAONE ; VILLEFRANCHE-SUR-SAONE ; <\/strong>Pour finir <strong>VILLENEUVE ; VILLEURBANNE ; VILLIE-MORGON ;VIOLAY ; VOUGY<\/strong> et <strong>YZERON<\/strong>.<\/mark><\/p>\n","protected":false},"excerpt":{"rendered":"<p>Retrouvez l&rsquo;adresse du cabinet PBAtitude de Claire Droin \u00e0 Villefranche-sur-Sa\u00f4ne. Trouvez un plan d&rsquo;acc\u00e8s, un itin\u00e9raire. Toutes les informations pratiques pour vous rendre au cabinet se trouvent ici. Adresse Claire DROINCabinet PBAtitude90, route de Frans69400 VILLEFRANCHE-SUR-SA\u00d4NE Plan Situation Situ\u00e9 en r\u00e9gion Auvergne, Rh\u00f4ne-Alpes, au c\u0153ur du beaujolais, le cabinet PBAtitude est situ\u00e9 \u00e0 Villefranche-sur-Sa\u00f4ne et &hellip;<\/p>\n","protected":false},"author":1,"featured_media":0,"parent":110,"menu_order":1,"comment_status":"closed","ping_status":"closed","template":"","meta":{"footnotes":""},"class_list":["post-497","page","type-page","status-publish","hentry","entry entry-center"],"yoast_head":"<!-- This site is optimized with the Yoast SEO plugin v27.4 - https:\/\/yoast.com\/product\/yoast-seo-wordpress\/ -->\n<title>Comment se rendre au cabinet PBAtitude ? - PBAtitude<\/title>\n<meta name=\"description\" content=\"PBAtitude Cabinet Villefranche aller rendre trouver adresse\" \/>\n<meta name=\"robots\" content=\"index, follow, max-snippet:-1, max-image-preview:large, max-video-preview:-1\" \/>\n<link rel=\"canonical\" href=\"https:\/\/pbatitude.com\/index.php\/accueil\/cabinet-pbatitude\/comment-se-rendre-cabinet-pbatitude\/\" \/>\n<meta property=\"og:locale\" content=\"fr_FR\" \/>\n<meta property=\"og:type\" content=\"article\" \/>\n<meta property=\"og:title\" content=\"Comment se rendre au cabinet PBAtitude ? - PBAtitude\" \/>\n<meta property=\"og:description\" content=\"PBAtitude Cabinet Villefranche aller rendre trouver adresse\" \/>\n<meta property=\"og:url\" content=\"https:\/\/pbatitude.com\/index.php\/accueil\/cabinet-pbatitude\/comment-se-rendre-cabinet-pbatitude\/\" \/>\n<meta property=\"og:site_name\" content=\"PBAtitude\" \/>\n<meta property=\"article:modified_time\" content=\"2025-03-05T14:01:27+00:00\" \/>\n<meta property=\"og:image\" content=\"https:\/\/pbatitude.com\/wp-content\/uploads\/2022\/05\/Bureaux-1024x778.jpg\" \/>\n<meta name=\"twitter:card\" content=\"summary_large_image\" \/>\n<meta name=\"twitter:label1\" content=\"Dur\u00e9e de lecture estim\u00e9e\" \/>\n\t<meta name=\"twitter:data1\" content=\"4 minutes\" \/>\n<script type=\"application\/ld+json\" class=\"yoast-schema-graph\">{\"@context\":\"https:\\\/\\\/schema.org\",\"@graph\":[{\"@type\":\"WebPage\",\"@id\":\"https:\\\/\\\/pbatitude.com\\\/index.php\\\/accueil\\\/cabinet-pbatitude\\\/comment-se-rendre-cabinet-pbatitude\\\/\",\"url\":\"https:\\\/\\\/pbatitude.com\\\/index.php\\\/accueil\\\/cabinet-pbatitude\\\/comment-se-rendre-cabinet-pbatitude\\\/\",\"name\":\"Comment se rendre au cabinet PBAtitude ? - PBAtitude\",\"isPartOf\":{\"@id\":\"https:\\\/\\\/pbatitude.com\\\/#website\"},\"primaryImageOfPage\":{\"@id\":\"https:\\\/\\\/pbatitude.com\\\/index.php\\\/accueil\\\/cabinet-pbatitude\\\/comment-se-rendre-cabinet-pbatitude\\\/#primaryimage\"},\"image\":{\"@id\":\"https:\\\/\\\/pbatitude.com\\\/index.php\\\/accueil\\\/cabinet-pbatitude\\\/comment-se-rendre-cabinet-pbatitude\\\/#primaryimage\"},\"thumbnailUrl\":\"https:\\\/\\\/pbatitude.com\\\/wp-content\\\/uploads\\\/2022\\\/05\\\/Bureaux-1024x778.jpg\",\"datePublished\":\"2022-04-12T15:31:14+00:00\",\"dateModified\":\"2025-03-05T14:01:27+00:00\",\"description\":\"PBAtitude Cabinet Villefranche aller rendre trouver adresse\",\"breadcrumb\":{\"@id\":\"https:\\\/\\\/pbatitude.com\\\/index.php\\\/accueil\\\/cabinet-pbatitude\\\/comment-se-rendre-cabinet-pbatitude\\\/#breadcrumb\"},\"inLanguage\":\"fr-FR\",\"potentialAction\":[{\"@type\":\"ReadAction\",\"target\":[\"https:\\\/\\\/pbatitude.com\\\/index.php\\\/accueil\\\/cabinet-pbatitude\\\/comment-se-rendre-cabinet-pbatitude\\\/\"]}]},{\"@type\":\"ImageObject\",\"inLanguage\":\"fr-FR\",\"@id\":\"https:\\\/\\\/pbatitude.com\\\/index.php\\\/accueil\\\/cabinet-pbatitude\\\/comment-se-rendre-cabinet-pbatitude\\\/#primaryimage\",\"url\":\"https:\\\/\\\/pbatitude.com\\\/wp-content\\\/uploads\\\/2022\\\/05\\\/Bureaux-1024x778.jpg\",\"contentUrl\":\"https:\\\/\\\/pbatitude.com\\\/wp-content\\\/uploads\\\/2022\\\/05\\\/Bureaux-1024x778.jpg\"},{\"@type\":\"BreadcrumbList\",\"@id\":\"https:\\\/\\\/pbatitude.com\\\/index.php\\\/accueil\\\/cabinet-pbatitude\\\/comment-se-rendre-cabinet-pbatitude\\\/#breadcrumb\",\"itemListElement\":[{\"@type\":\"ListItem\",\"position\":1,\"name\":\"Accueil\",\"item\":\"https:\\\/\\\/pbatitude.com\\\/\"},{\"@type\":\"ListItem\",\"position\":2,\"name\":\"ACCUEIL\",\"item\":\"https:\\\/\\\/pbatitude.com\\\/\"},{\"@type\":\"ListItem\",\"position\":3,\"name\":\"CABINET PBATITUDE\",\"item\":\"https:\\\/\\\/pbatitude.com\\\/index.php\\\/accueil\\\/cabinet-pbatitude\\\/\"},{\"@type\":\"ListItem\",\"position\":4,\"name\":\"Comment se rendre au cabinet PBAtitude ?\"}]},{\"@type\":\"WebSite\",\"@id\":\"https:\\\/\\\/pbatitude.com\\\/#website\",\"url\":\"https:\\\/\\\/pbatitude.com\\\/\",\"name\":\"PBAtitude\",\"description\":\"A la rencontre de votre nature profonde\",\"potentialAction\":[{\"@type\":\"SearchAction\",\"target\":{\"@type\":\"EntryPoint\",\"urlTemplate\":\"https:\\\/\\\/pbatitude.com\\\/?s={search_term_string}\"},\"query-input\":{\"@type\":\"PropertyValueSpecification\",\"valueRequired\":true,\"valueName\":\"search_term_string\"}}],\"inLanguage\":\"fr-FR\"}]}<\/script>\n<!-- \/ Yoast SEO plugin. -->","yoast_head_json":{"title":"Comment se rendre au cabinet PBAtitude ? - PBAtitude","description":"PBAtitude Cabinet Villefranche aller rendre trouver adresse","robots":{"index":"index","follow":"follow","max-snippet":"max-snippet:-1","max-image-preview":"max-image-preview:large","max-video-preview":"max-video-preview:-1"},"canonical":"https:\/\/pbatitude.com\/index.php\/accueil\/cabinet-pbatitude\/comment-se-rendre-cabinet-pbatitude\/","og_locale":"fr_FR","og_type":"article","og_title":"Comment se rendre au cabinet PBAtitude ? - PBAtitude","og_description":"PBAtitude Cabinet Villefranche aller rendre trouver adresse","og_url":"https:\/\/pbatitude.com\/index.php\/accueil\/cabinet-pbatitude\/comment-se-rendre-cabinet-pbatitude\/","og_site_name":"PBAtitude","article_modified_time":"2025-03-05T14:01:27+00:00","og_image":[{"url":"https:\/\/pbatitude.com\/wp-content\/uploads\/2022\/05\/Bureaux-1024x778.jpg","type":"","width":"","height":""}],"twitter_card":"summary_large_image","twitter_misc":{"Dur\u00e9e de lecture estim\u00e9e":"4 minutes"},"schema":{"@context":"https:\/\/schema.org","@graph":[{"@type":"WebPage","@id":"https:\/\/pbatitude.com\/index.php\/accueil\/cabinet-pbatitude\/comment-se-rendre-cabinet-pbatitude\/","url":"https:\/\/pbatitude.com\/index.php\/accueil\/cabinet-pbatitude\/comment-se-rendre-cabinet-pbatitude\/","name":"Comment se rendre au cabinet PBAtitude ? - PBAtitude","isPartOf":{"@id":"https:\/\/pbatitude.com\/#website"},"primaryImageOfPage":{"@id":"https:\/\/pbatitude.com\/index.php\/accueil\/cabinet-pbatitude\/comment-se-rendre-cabinet-pbatitude\/#primaryimage"},"image":{"@id":"https:\/\/pbatitude.com\/index.php\/accueil\/cabinet-pbatitude\/comment-se-rendre-cabinet-pbatitude\/#primaryimage"},"thumbnailUrl":"https:\/\/pbatitude.com\/wp-content\/uploads\/2022\/05\/Bureaux-1024x778.jpg","datePublished":"2022-04-12T15:31:14+00:00","dateModified":"2025-03-05T14:01:27+00:00","description":"PBAtitude Cabinet Villefranche aller rendre trouver adresse","breadcrumb":{"@id":"https:\/\/pbatitude.com\/index.php\/accueil\/cabinet-pbatitude\/comment-se-rendre-cabinet-pbatitude\/#breadcrumb"},"inLanguage":"fr-FR","potentialAction":[{"@type":"ReadAction","target":["https:\/\/pbatitude.com\/index.php\/accueil\/cabinet-pbatitude\/comment-se-rendre-cabinet-pbatitude\/"]}]},{"@type":"ImageObject","inLanguage":"fr-FR","@id":"https:\/\/pbatitude.com\/index.php\/accueil\/cabinet-pbatitude\/comment-se-rendre-cabinet-pbatitude\/#primaryimage","url":"https:\/\/pbatitude.com\/wp-content\/uploads\/2022\/05\/Bureaux-1024x778.jpg","contentUrl":"https:\/\/pbatitude.com\/wp-content\/uploads\/2022\/05\/Bureaux-1024x778.jpg"},{"@type":"BreadcrumbList","@id":"https:\/\/pbatitude.com\/index.php\/accueil\/cabinet-pbatitude\/comment-se-rendre-cabinet-pbatitude\/#breadcrumb","itemListElement":[{"@type":"ListItem","position":1,"name":"Accueil","item":"https:\/\/pbatitude.com\/"},{"@type":"ListItem","position":2,"name":"ACCUEIL","item":"https:\/\/pbatitude.com\/"},{"@type":"ListItem","position":3,"name":"CABINET PBATITUDE","item":"https:\/\/pbatitude.com\/index.php\/accueil\/cabinet-pbatitude\/"},{"@type":"ListItem","position":4,"name":"Comment se rendre au cabinet PBAtitude ?"}]},{"@type":"WebSite","@id":"https:\/\/pbatitude.com\/#website","url":"https:\/\/pbatitude.com\/","name":"PBAtitude","description":"A la rencontre de votre nature profonde","potentialAction":[{"@type":"SearchAction","target":{"@type":"EntryPoint","urlTemplate":"https:\/\/pbatitude.com\/?s={search_term_string}"},"query-input":{"@type":"PropertyValueSpecification","valueRequired":true,"valueName":"search_term_string"}}],"inLanguage":"fr-FR"}]}},"_links":{"self":[{"href":"https:\/\/pbatitude.com\/index.php\/wp-json\/wp\/v2\/pages\/497","targetHints":{"allow":["GET"]}}],"collection":[{"href":"https:\/\/pbatitude.com\/index.php\/wp-json\/wp\/v2\/pages"}],"about":[{"href":"https:\/\/pbatitude.com\/index.php\/wp-json\/wp\/v2\/types\/page"}],"author":[{"embeddable":true,"href":"https:\/\/pbatitude.com\/index.php\/wp-json\/wp\/v2\/users\/1"}],"replies":[{"embeddable":true,"href":"https:\/\/pbatitude.com\/index.php\/wp-json\/wp\/v2\/comments?post=497"}],"version-history":[{"count":19,"href":"https:\/\/pbatitude.com\/index.php\/wp-json\/wp\/v2\/pages\/497\/revisions"}],"predecessor-version":[{"id":1245,"href":"https:\/\/pbatitude.com\/index.php\/wp-json\/wp\/v2\/pages\/497\/revisions\/1245"}],"up":[{"embeddable":true,"href":"https:\/\/pbatitude.com\/index.php\/wp-json\/wp\/v2\/pages\/110"}],"wp:attachment":[{"href":"https:\/\/pbatitude.com\/index.php\/wp-json\/wp\/v2\/media?parent=497"}],"curies":[{"name":"wp","href":"https:\/\/api.w.org\/{rel}","templated":true}]}}